CRAN Package Check Results for Package PCICt

Last updated on 2022-01-18 20:50:47 CET.

Flavor Version Tinstall Tcheck Ttotal Status Flags
r-devel-linux-x86_64-debian-clang 0.5-4.1 4.52 36.15 40.67 OK
r-devel-linux-x86_64-debian-gcc 0.5-4.1 3.67 29.59 33.26 OK
r-devel-linux-x86_64-fedora-clang 0.5-4.1 49.97 NOTE
r-devel-linux-x86_64-fedora-gcc 0.5-4.1 40.23 NOTE
r-devel-windows-x86_64-new-UL 0.5-4.1 25.00 52.00 77.00 OK
r-devel-windows-x86_64-new-TK 0.5-4.1 OK
r-patched-linux-x86_64 0.5-4.1 4.12 35.20 39.32 OK
r-release-linux-x86_64 0.5-4.1 OK
r-release-macos-arm64 0.5-4.1 OK
r-release-macos-x86_64 0.5-4.1 OK
r-release-windows-ix86+x86_64 0.5-4.1 11.00 53.00 64.00 OK
r-oldrel-macos-x86_64 0.5-4.1 OK
r-oldrel-windows-ix86+x86_64 0.5-4.1 33.00 44.00 77.00 OK

Additional issues

rchk

Check Details

Version: 0.5-4.1
Check: compiled code
Result: NOTE
    File ‘PCICt/libs/PCICt.so’:
     Found no call to: ‘R_useDynamicSymbols’
    
    It is good practice to register native routines and to disable symbol
    search.
    
    See ‘Writing portable packages’ in the ‘Writing R Extensions’ manual.
Flavors: r-devel-linux-x86_64-fedora-clang, r-devel-linux-x86_64-fedora-gcc