CRAN Package Check Results for Package PBSmodelling

Last updated on 2022-01-18 20:50:47 CET.

Flavor Version Tinstall Tcheck Ttotal Status Flags
r-devel-linux-x86_64-debian-clang 2.68.8 24.56 122.45 147.01 OK
r-devel-linux-x86_64-debian-gcc 2.68.8 17.35 95.18 112.53 OK
r-devel-linux-x86_64-fedora-clang 2.68.8 181.48 NOTE
r-devel-linux-x86_64-fedora-gcc 2.68.8 174.06 OK
r-devel-windows-x86_64-new-UL 2.68.8 603.00 147.00 750.00 OK
r-devel-windows-x86_64-new-TK 2.68.8 OK
r-patched-linux-x86_64 2.68.8 25.06 120.57 145.63 OK
r-release-linux-x86_64 2.68.8 OK
r-release-macos-arm64 2.68.8 NOTE
r-release-macos-x86_64 2.68.8 NOTE
r-release-windows-ix86+x86_64 2.68.8 35.00 137.00 172.00 OK
r-oldrel-macos-x86_64 2.68.8 NOTE
r-oldrel-windows-ix86+x86_64 2.68.8 37.00 142.00 179.00 OK

Check Details

Version: 2.68.8
Check: installed package size
Result: NOTE
     installed size is 5.3Mb
     sub-directories of 1Mb or more:
     doc 1.3Mb
     examples 1.7Mb
Flavors: r-devel-linux-x86_64-fedora-clang, r-release-macos-arm64, r-release-macos-x86_64, r-oldrel-macos-x86_64