CRAN Package Check Results for Package PASSED

Last updated on 2021-09-23 08:51:12 CEST.

Flavor Version Tinstall Tcheck Ttotal Status Flags
r-devel-linux-x86_64-debian-clang 1.1-1 3.50 42.99 46.49 OK
r-devel-linux-x86_64-debian-gcc 1.1-1 2.78 31.51 34.29 OK
r-devel-linux-x86_64-fedora-clang 1.1-1 61.53 OK
r-devel-linux-x86_64-fedora-gcc 1.1-1 51.75 OK
r-devel-windows-x86_64 1.1-1 5.00 41.00 46.00 OK
r-devel-windows-x86_64-gcc10-UCRT 1.1-1 ERROR
r-patched-linux-x86_64 1.1-1 3.78 41.87 45.65 OK
r-patched-solaris-x86 1.1-1 71.40 OK
r-release-linux-x86_64 1.1-1 3.69 41.08 44.77 OK
r-release-macos-arm64 1.1-1 OK
r-release-macos-x86_64 1.1-1 OK
r-release-windows-ix86+x86_64 1.1-1 7.00 57.00 64.00 OK
r-oldrel-macos-x86_64 1.1-1 OK
r-oldrel-windows-ix86+x86_64 1.1-1 5.00 42.00 47.00 OK

Check Details

Version: 1.1-1
Check: PDF version of manual
Result: WARN
    LaTeX errors when creating PDF version.
    This typically indicates Rd problems.
Flavor: r-devel-windows-x86_64-gcc10-UCRT

Version: 1.1-1
Check: PDF version of manual without hyperrefs or index
Result: ERROR
    Re-running with no redirection of stdout/stderr.
Flavor: r-devel-windows-x86_64-gcc10-UCRT