CRAN Package Check Results for Package PAMpal

Last updated on 2024-03-03 19:56:29 CET.

Flavor Version Tinstall Tcheck Ttotal Status Flags
r-devel-linux-x86_64-debian-clang 1.0.0 42.78 271.32 314.10 NOTE
r-devel-linux-x86_64-debian-gcc 1.0.0 30.71 200.72 231.43 NOTE
r-devel-linux-x86_64-fedora-clang 1.0.0 389.33 NOTE
r-devel-linux-x86_64-fedora-gcc 1.0.0 354.51 NOTE
r-devel-windows-x86_64 1.0.0 26.00 188.00 214.00 OK
r-patched-linux-x86_64 1.0.0 34.37 241.80 276.17 OK
r-release-linux-x86_64 1.0.0 23.13 238.33 261.46 OK
r-release-macos-arm64 1.0.0 92.00 OK
r-release-macos-x86_64 1.0.0 245.00 OK
r-release-windows-x86_64 1.0.0 39.00 240.00 279.00 OK
r-oldrel-macos-arm64 1.0.0 138.00 OK
r-oldrel-windows-x86_64 1.0.0 34.00 214.00 248.00 OK

Check Details

Version: 1.0.0
Check: Rd files
Result: NOTE checkRd: (-1) addFPOD.Rd:42: Lost braces 42 | has FPOD detections, these events may not work with a variety of other ]code{PAMpal} | ^ Flavors: r-devel-linux-x86_64-debian-clang, r-devel-linux-x86_64-debian-gcc, r-devel-linux-x86_64-fedora-clang, r-devel-linux-x86_64-fedora-gcc