CRAN Package Check Results for Package PAMhm

Last updated on 2024-02-27 19:54:46 CET.

Flavor Version Tinstall Tcheck Ttotal Status Flags
r-devel-linux-x86_64-debian-clang 0.1.2 7.30 82.96 90.26 OK
r-devel-linux-x86_64-debian-gcc 0.1.2 6.92 62.74 69.66 OK
r-devel-linux-x86_64-fedora-clang 0.1.2 113.25 OK
r-devel-linux-x86_64-fedora-gcc 0.1.2 116.88 OK
r-devel-windows-x86_64 0.1.2 9.00 77.00 86.00 OK
r-patched-linux-x86_64 0.1.2 6.44 78.98 85.42 OK
r-release-linux-x86_64 0.1.2 5.49 79.19 84.68 OK
r-release-macos-arm64 0.1.2 6.00 ERROR
r-release-macos-x86_64 0.1.2 68.00 OK
r-release-windows-x86_64 0.1.2 12.00 91.00 103.00 OK
r-oldrel-macos-arm64 0.1.2 33.00 OK
r-oldrel-windows-x86_64 0.1.2 12.00 99.00 111.00 OK

Check Details

Version: 0.1.2
Check: whether package can be installed
Result: ERROR Installation failed. Flavor: r-release-macos-arm64