CRAN Package Check Results for Package PAFit

Last updated on 2023-09-28 09:58:11 CEST.

Flavor Version Tinstall Tcheck Ttotal Status Flags
r-devel-linux-x86_64-debian-clang 1.2.5 46.41 284.47 330.88 NOTE
r-devel-linux-x86_64-debian-gcc 1.2.5 31.54 197.39 228.93 NOTE
r-devel-linux-x86_64-fedora-clang 1.2.5 392.30 NOTE
r-devel-linux-x86_64-fedora-gcc 1.2.5 413.79 NOTE
r-devel-windows-x86_64 1.2.5 37.00 205.00 242.00 NOTE
r-patched-linux-x86_64 1.2.5 42.76 251.52 294.28 NOTE
r-release-linux-x86_64 1.2.5 29.41 253.32 282.73 NOTE
r-release-macos-arm64 1.2.5 82.00 NOTE
r-release-macos-x86_64 1.2.5 167.00 NOTE
r-release-windows-x86_64 1.2.5 50.00 266.00 316.00 NOTE
r-oldrel-macos-arm64 1.2.5 88.00 OK
r-oldrel-macos-x86_64 1.2.5 168.00 OK
r-oldrel-windows-x86_64 1.2.5 47.00 265.00 312.00 OK

Check Details

Version: 1.2.5
Check: C++ specification
Result: NOTE
     Specified C++14: please drop specification unless essential
Flavors: r-devel-linux-x86_64-debian-clang, r-devel-linux-x86_64-debian-gcc, r-devel-linux-x86_64-fedora-clang, r-devel-linux-x86_64-fedora-gcc, r-devel-windows-x86_64, r-patched-linux-x86_64, r-release-linux-x86_64, r-release-macos-arm64, r-release-macos-x86_64, r-release-windows-x86_64

Version: 1.2.5
Check: Rd contents
Result: NOTE
    Argument items with no description in Rd object 'joint_estimate':
     ‘\dots’
    Argument items with no description in Rd object 'only_A_estimate':
     ‘\dots’
    Argument items with no description in Rd object 'only_F_estimate':
     ‘\dots’
    Argument items with no description in Rd object 'plot.Full_PAFit_result':
     ‘\dots’
    Argument items with no description in Rd object 'plot.PAFit_net':
     ‘\dots’
    Argument items with no description in Rd object 'plot.PAFit_result':
     ‘\dots’
    Argument items with no description in Rd object 'plot.PA_result':
     ‘\dots’
    Argument items with no description in Rd object 'print.CV_Result':
     ‘\dots’
    Argument items with no description in Rd object 'print.CV_Data':
     ‘\dots’
    Argument items with no description in Rd object 'print.Full_PAFit_result':
     ‘\dots’
    Argument items with no description in Rd object 'print.PAFit_data':
     ‘\dots’
    Argument items with no description in Rd object 'print.PAFit_net':
     ‘\dots’
    Argument items with no description in Rd object 'print.PAFit_result':
     ‘\dots’
    Argument items with no description in Rd object 'summary.CV_Data':
     ‘\dots’
    Argument items with no description in Rd object 'summary.CV_Result':
     ‘\dots’
    Argument items with no description in Rd object 'summary.Full_PAFit_result':
     ‘\dots’
    Argument items with no description in Rd object 'summary.PAFit_data':
     ‘\dots’
    Argument items with no description in Rd object 'summary.PAFit_net':
     ‘\dots’
    Argument items with no description in Rd object 'summary.PAFit_result':
     ‘\dots’
Flavors: r-devel-linux-x86_64-debian-clang, r-devel-linux-x86_64-debian-gcc, r-devel-linux-x86_64-fedora-clang, r-devel-linux-x86_64-fedora-gcc, r-devel-windows-x86_64