Last updated on 2022-07-04 21:49:48 CEST.
Flavor | Version | Tinstall | Tcheck | Ttotal | Status | Flags |
---|---|---|---|---|---|---|
r-devel-linux-x86_64-debian-clang | 1.0.0 | 9.55 | 102.85 | 112.40 | NOTE | |
r-devel-linux-x86_64-debian-gcc | 1.0.0 | 6.25 | 80.03 | 86.28 | NOTE | |
r-devel-linux-x86_64-fedora-clang | 1.0.0 | 144.05 | NOTE | |||
r-devel-linux-x86_64-fedora-gcc | 1.0.0 | 143.67 | NOTE | |||
r-devel-windows-x86_64 | 1.0.0 | 15.00 | 125.00 | 140.00 | NOTE | |
r-patched-linux-x86_64 | 1.0.0 | 8.87 | 100.26 | 109.13 | NOTE | |
r-release-linux-x86_64 | 1.0.0 | 9.35 | 101.74 | 111.09 | NOTE | |
r-release-macos-arm64 | 1.0.0 | 38.00 | NOTE | |||
r-release-macos-x86_64 | 1.0.0 | 56.00 | NOTE | |||
r-release-windows-x86_64 | 1.0.0 | 22.00 | 124.00 | 146.00 | NOTE | |
r-oldrel-macos-arm64 | 1.0.0 | 46.00 | NOTE | |||
r-oldrel-macos-x86_64 | 1.0.0 | 79.00 | NOTE | |||
r-oldrel-windows-ix86+x86_64 | 1.0.0 | 19.00 | 125.00 | 144.00 | NOTE |
Version: 1.0.0
Check: LazyData
Result: NOTE
'LazyData' is specified without a 'data' directory
Flavors: r-devel-linux-x86_64-debian-clang, r-devel-linux-x86_64-debian-gcc, r-devel-linux-x86_64-fedora-clang, r-devel-linux-x86_64-fedora-gcc, r-devel-windows-x86_64, r-patched-linux-x86_64, r-release-linux-x86_64, r-release-macos-arm64, r-release-macos-x86_64, r-release-windows-x86_64, r-oldrel-macos-arm64, r-oldrel-macos-x86_64, r-oldrel-windows-ix86+x86_64