CRAN Package Check Results for Package OutrankingTools

Last updated on 2020-07-14 09:50:42 CEST.

Flavor Version Tinstall Tcheck Ttotal Status Flags
r-devel-linux-x86_64-debian-clang 1.0 6.45 36.12 42.57 NOTE
r-devel-linux-x86_64-debian-gcc 1.0 5.08 28.05 33.13 NOTE
r-devel-linux-x86_64-fedora-clang 1.0 60.68 NOTE
r-devel-linux-x86_64-fedora-gcc 1.0 52.75 NOTE
r-devel-windows-ix86+x86_64 1.0 15.00 61.00 76.00 OK
r-patched-linux-x86_64 1.0 5.80 35.90 41.70 NOTE
r-patched-solaris-x86 1.0 69.70 NOTE
r-release-linux-x86_64 1.0 6.17 35.81 41.98 NOTE
r-release-macos-x86_64 1.0 ERROR
r-release-windows-ix86+x86_64 1.0 12.00 47.00 59.00 OK
r-oldrel-macos-x86_64 1.0 NOTE
r-oldrel-windows-ix86+x86_64 1.0 11.00 71.00 82.00 NOTE

Check Details

Version: 1.0
Check: for non-standard things in the check directory
Result: NOTE
    Found the following files/directories:
     'result.txt'
Flavors: r-devel-linux-x86_64-debian-clang, r-devel-linux-x86_64-debian-gcc, r-devel-linux-x86_64-fedora-clang, r-devel-linux-x86_64-fedora-gcc, r-patched-linux-x86_64, r-patched-solaris-x86, r-release-linux-x86_64

Version: 1.0
Check: whether package can be installed
Result: ERROR
    Installation failed.
Flavor: r-release-macos-x86_64

Version: 1.0
Check: R code for possible problems
Result: NOTE
    Electre3_AlphaBetaThresholds: no visible global function definition for
     ‘plot’
    Electre3_SimpleThresholds: no visible global function definition for
     ‘plot’
    Electre_1: no visible global function definition for ‘plot’
    Undefined global functions or variables:
     plot
    Consider adding
     importFrom("graphics", "plot")
    to your NAMESPACE file.
Flavors: r-oldrel-macos-x86_64, r-oldrel-windows-ix86+x86_64