CRAN Package Check Results for Package OutrankingTools

Last updated on 2020-09-18 20:47:33 CEST.

Flavor Version Tinstall Tcheck Ttotal Status Flags
r-devel-linux-x86_64-debian-clang 1.0 6.03 36.12 42.15 NOTE
r-devel-linux-x86_64-debian-gcc 1.0 4.71 27.76 32.47 NOTE
r-devel-linux-x86_64-fedora-clang 1.0 62.09 NOTE
r-devel-linux-x86_64-fedora-gcc 1.0 52.73 NOTE
r-devel-windows-ix86+x86_64 1.0 11.00 49.00 60.00 OK
r-patched-linux-x86_64 1.0 5.96 36.29 42.25 NOTE
r-patched-solaris-x86 1.0 75.00 NOTE
r-release-linux-x86_64 1.0 6.41 36.02 42.43 NOTE
r-release-macos-x86_64 1.0 OK
r-release-windows-ix86+x86_64 1.0 11.00 43.00 54.00 OK
r-oldrel-macos-x86_64 1.0 NOTE
r-oldrel-windows-ix86+x86_64 1.0 9.00 54.00 63.00 NOTE

Check Details

Version: 1.0
Check: for non-standard things in the check directory
Result: NOTE
    Found the following files/directories:
     'result.txt'
Flavors: r-devel-linux-x86_64-debian-clang, r-devel-linux-x86_64-debian-gcc, r-devel-linux-x86_64-fedora-clang, r-devel-linux-x86_64-fedora-gcc, r-patched-linux-x86_64, r-patched-solaris-x86, r-release-linux-x86_64

Version: 1.0
Check: R code for possible problems
Result: NOTE
    Electre3_AlphaBetaThresholds: no visible global function definition for
     ‘plot’
    Electre3_SimpleThresholds: no visible global function definition for
     ‘plot’
    Electre_1: no visible global function definition for ‘plot’
    Undefined global functions or variables:
     plot
    Consider adding
     importFrom("graphics", "plot")
    to your NAMESPACE file.
Flavors: r-oldrel-macos-x86_64, r-oldrel-windows-ix86+x86_64