CRAN Package Check Results for Package OrdNor

Last updated on 2021-09-23 08:51:12 CEST.

Flavor Version Tinstall Tcheck Ttotal Status Flags
r-devel-linux-x86_64-debian-clang 2.2.3 6.90 63.78 70.68 OK
r-devel-linux-x86_64-debian-gcc 2.2.3 6.23 49.92 56.15 OK
r-devel-linux-x86_64-fedora-clang 2.2.3 92.97 OK
r-devel-linux-x86_64-fedora-gcc 2.2.3 82.91 OK
r-devel-windows-x86_64 2.2.3 8.00 62.00 70.00 OK
r-devel-windows-x86_64-gcc10-UCRT 2.2.3 ERROR
r-patched-linux-x86_64 2.2.3 6.95 62.34 69.29 OK
r-patched-solaris-x86 2.2.3 133.90 OK
r-release-linux-x86_64 2.2.3 5.52 62.88 68.40 OK
r-release-macos-arm64 2.2.3 OK
r-release-macos-x86_64 2.2.3 OK
r-release-windows-ix86+x86_64 2.2.3 17.00 83.00 100.00 OK
r-oldrel-macos-x86_64 2.2.3 OK
r-oldrel-windows-ix86+x86_64 2.2.3 10.00 59.00 69.00 OK

Check Details

Version: 2.2.3
Check: PDF version of manual
Result: WARN
    LaTeX errors when creating PDF version.
    This typically indicates Rd problems.
Flavor: r-devel-windows-x86_64-gcc10-UCRT

Version: 2.2.3
Check: PDF version of manual without hyperrefs or index
Result: ERROR
    Re-running with no redirection of stdout/stderr.
Flavor: r-devel-windows-x86_64-gcc10-UCRT