CRAN Package Check Results for Package OpenRepGrid.ic

Last updated on 2021-11-27 07:49:56 CET.

Flavor Version Tinstall Tcheck Ttotal Status Flags
r-devel-linux-x86_64-debian-clang 0.5.1 OK
r-devel-linux-x86_64-debian-gcc 0.5.1 5.70 56.96 62.66 OK
r-devel-linux-x86_64-fedora-clang 0.5.1 110.10 NOTE
r-devel-linux-x86_64-fedora-gcc 0.5.1 96.96 NOTE
r-devel-windows-x86_64-new-UL 0.5.1 17.00 124.00 141.00 OK
r-devel-windows-x86_64-new-TK 0.5.1 NOTE
r-devel-windows-x86_64-old 0.5.1 11.00 74.00 85.00 OK
r-patched-linux-x86_64 0.5.1 6.08 71.09 77.17 OK
r-patched-solaris-x86 0.5.1 152.10 NOTE
r-release-linux-x86_64 0.5.1 OK
r-release-macos-arm64 0.5.1 NOTE
r-release-macos-x86_64 0.5.1 NOTE
r-release-windows-ix86+x86_64 0.5.1 18.00 99.00 117.00 OK
r-oldrel-macos-x86_64 0.5.1 NOTE
r-oldrel-windows-ix86+x86_64 0.5.1 19.00 98.00 117.00 OK

Check Details

Version: 0.5.1
Check: package dependencies
Result: NOTE
    Imports includes 24 non-default packages.
    Importing from so many packages makes the package vulnerable to any of
    them becoming unavailable. Move as many as possible to Suggests and
    use conditionally.
Flavor: r-devel-linux-x86_64-fedora-clang

Version: 0.5.1
Check: dependencies in R code
Result: NOTE
    Namespaces in Imports field not imported from:
     ‘formattable’ ‘rintrojs’ ‘shinyBS’ ‘shinyFeedback’ ‘shinyWidgets’
     ‘shinycssloaders’ ‘shinydashboard’ ‘shinydashboardPlus’ ‘shinyjs’
     ‘shinythemes’ ‘splines’ ‘testthat’ ‘tidyverse’
     All declared Imports should be used.
Flavors: r-devel-linux-x86_64-fedora-clang, r-devel-linux-x86_64-fedora-gcc, r-devel-windows-x86_64-new-TK, r-patched-solaris-x86, r-release-macos-arm64, r-release-macos-x86_64, r-oldrel-macos-x86_64