CRAN Package Check Results for Package OddsPlotty

Last updated on 2021-11-30 19:51:30 CET.

Flavor Version Tinstall Tcheck Ttotal Status Flags
r-devel-linux-x86_64-debian-clang 1.0.2 5.02 63.34 68.36 OK
r-devel-linux-x86_64-debian-gcc 1.0.2 3.77 47.74 51.51 OK
r-devel-linux-x86_64-fedora-clang 1.0.2 96.41 NOTE
r-devel-linux-x86_64-fedora-gcc 1.0.2 79.57 NOTE
r-devel-windows-x86_64-new-UL 1.0.2 13.00 103.00 116.00 OK
r-devel-windows-x86_64-new-TK 1.0.2 NOTE
r-devel-windows-x86_64-old 1.0.2 8.00 66.00 74.00 OK
r-patched-linux-x86_64 1.0.2 4.94 58.22 63.16 OK
r-patched-solaris-x86 1.0.2 115.20 NOTE
r-release-linux-x86_64 1.0.2 4.69 60.09 64.78 OK
r-release-macos-arm64 1.0.2 NOTE
r-release-macos-x86_64 1.0.2 NOTE
r-release-windows-ix86+x86_64 1.0.2 14.00 89.00 103.00 OK
r-oldrel-macos-x86_64 1.0.2 NOTE
r-oldrel-windows-ix86+x86_64 1.0.2 11.00 62.00 73.00 OK

Check Details

Version: 1.0.2
Check: dependencies in R code
Result: NOTE
    Namespaces in Imports field not imported from:
     ‘caret’ ‘e1071’ ‘ggthemes’ ‘mlbench’ ‘rmarkdown’ ‘tidymodels’
     All declared Imports should be used.
Flavors: r-devel-linux-x86_64-fedora-clang, r-devel-linux-x86_64-fedora-gcc, r-devel-windows-x86_64-new-TK, r-patched-solaris-x86, r-release-macos-arm64, r-release-macos-x86_64, r-oldrel-macos-x86_64