CRAN Package Check Results for Package OSLdecomposition

Last updated on 2024-02-21 19:53:22 CET.

Flavor Version Tinstall Tcheck Ttotal Status Flags
r-devel-linux-x86_64-debian-clang 1.0.0 NOTE
r-devel-linux-x86_64-debian-gcc 1.0.0 4.19 54.47 58.66 NOTE
r-devel-linux-x86_64-fedora-clang 1.0.0 NOTE
r-devel-linux-x86_64-fedora-gcc 1.0.0 90.07 OK
r-devel-windows-x86_64 1.0.0 7.00 80.00 87.00 OK
r-patched-linux-x86_64 1.0.0 12.77 70.44 83.21 OK
r-release-linux-x86_64 1.0.0 4.94 68.85 73.79 OK
r-release-macos-arm64 1.0.0 36.00 OK
r-release-macos-x86_64 1.0.0 48.00 OK
r-release-windows-x86_64 1.0.0 8.00 90.00 98.00 OK
r-oldrel-macos-arm64 1.0.0 29.00 OK
r-oldrel-windows-x86_64 1.0.0 9.00 91.00 100.00 OK

Check Details

Version: 1.0.0
Check: Rd files
Result: NOTE checkRd: (-1) RLum.OSL_decomposition.Rd:90-91: Lost braces 90 | \item \link{optimise_OSLintervals}: {Approximates the optimal integration intervals. Uses the global | ^ checkRd: (-1) RLum.OSL_decomposition.Rd:92-94: Lost braces 92 | \item \link{decompose_OSLcurve}: {Calculates component intensities for \strong{all} \code{record_type} measurements. | ^ checkRd: (-1) fit_OSLcurve.Rd:97: Lost braces; missing escapes or markup? 97 | fitting with the \emph{RSS_{K-1}} value of the previous fitting and calculates | ^ Flavors: r-devel-linux-x86_64-debian-clang, r-devel-linux-x86_64-debian-gcc

Version: 1.0.0
Check: Rd cross-references
Result: NOTE Undeclared package ‘knitr’ in Rd xrefs Flavor: r-devel-linux-x86_64-fedora-clang