Last updated on 2023-09-23 20:53:10 CEST.
Flavor | Version | Tinstall | Tcheck | Ttotal | Status | Flags |
---|---|---|---|---|---|---|
r-devel-linux-x86_64-debian-clang | 1.0 | 7.56 | 58.17 | 65.73 | NOTE | |
r-devel-linux-x86_64-debian-gcc | 1.0 | 7.79 | 49.69 | 57.48 | NOTE | |
r-devel-linux-x86_64-fedora-clang | 1.0 | 81.24 | NOTE | |||
r-devel-linux-x86_64-fedora-gcc | 1.0 | 82.98 | NOTE | |||
r-devel-windows-x86_64 | 1.0 | 8.00 | 65.00 | 73.00 | NOTE | |
r-patched-linux-x86_64 | 1.0 | 7.40 | 54.69 | 62.09 | NOTE | |
r-release-linux-x86_64 | 1.0 | 5.99 | 54.72 | 60.71 | NOTE | |
r-release-macos-arm64 | 1.0 | 19.00 | NOTE | |||
r-release-macos-x86_64 | 1.0 | 24.00 | NOTE | |||
r-release-windows-x86_64 | 1.0 | 10.00 | 70.00 | 80.00 | NOTE | |
r-oldrel-macos-arm64 | 1.0 | 17.00 | NOTE | |||
r-oldrel-macos-x86_64 | 1.0 | 25.00 | NOTE | |||
r-oldrel-windows-x86_64 | 1.0 | 11.00 | 71.00 | 82.00 | NOTE |
Version: 1.0
Check: LazyData
Result: NOTE
'LazyData' is specified without a 'data' directory
Flavors: r-devel-linux-x86_64-debian-clang, r-devel-linux-x86_64-debian-gcc, r-devel-linux-x86_64-fedora-clang, r-devel-linux-x86_64-fedora-gcc, r-devel-windows-x86_64, r-patched-linux-x86_64, r-release-linux-x86_64, r-release-macos-arm64, r-release-macos-x86_64, r-release-windows-x86_64, r-oldrel-macos-arm64, r-oldrel-macos-x86_64, r-oldrel-windows-x86_64