CRAN Package Check Results for Package ORCI

Last updated on 2020-11-26 20:51:45 CET.

Flavor Version Tinstall Tcheck Ttotal Status Flags
r-devel-linux-x86_64-debian-clang 1.1 3.21 23.92 27.13 NOTE
r-devel-linux-x86_64-debian-gcc 1.1 2.15 19.97 22.12 NOTE
r-devel-linux-x86_64-fedora-clang 1.1 39.79 NOTE
r-devel-linux-x86_64-fedora-gcc 1.1 30.20 NOTE
r-devel-windows-ix86+x86_64 1.1 5.00 37.00 42.00 NOTE
r-patched-linux-x86_64 1.1 3.16 22.62 25.78 NOTE
r-patched-solaris-x86 1.1 44.50 NOTE
r-release-linux-x86_64 1.1 3.21 23.26 26.47 NOTE
r-release-macos-x86_64 1.1 NOTE
r-release-windows-ix86+x86_64 1.1 5.00 38.00 43.00 NOTE
r-oldrel-macos-x86_64 1.1 NOTE
r-oldrel-windows-ix86+x86_64 1.1 5.00 45.00 50.00 NOTE

Check Details

Version: 1.1
Check: R code for possible problems
Result: NOTE
    Agrestiind.CI: no visible global function definition for 'qnorm'
    BPexact.CI: no visible global function definition for 'uniroot'
    BPmidp.CI: no visible global function definition for 'uniroot'
    Cornfieldexact.CI: no visible global function definition for 'uniroot'
    Cornfieldmidp.CI: no visible global function definition for 'uniroot'
    Gart.CI: no visible global function definition for 'qnorm'
    Invsinh.CI: no visible global function definition for 'qnorm'
    Woolf.CI: no visible global function definition for 'qnorm'
    Undefined global functions or variables:
     qnorm uniroot
    Consider adding
     importFrom("stats", "qnorm", "uniroot")
    to your NAMESPACE file.
Flavors: r-devel-linux-x86_64-debian-clang, r-devel-linux-x86_64-debian-gcc, r-devel-linux-x86_64-fedora-clang, r-devel-linux-x86_64-fedora-gcc, r-devel-windows-ix86+x86_64, r-patched-linux-x86_64, r-patched-solaris-x86, r-release-linux-x86_64, r-release-macos-x86_64, r-release-windows-ix86+x86_64, r-oldrel-macos-x86_64, r-oldrel-windows-ix86+x86_64