CRAN Package Check Results for Package Numero

Last updated on 2021-12-04 07:50:28 CET.

Flavor Version Tinstall Tcheck Ttotal Status Flags
r-devel-linux-x86_64-debian-clang 1.8.4 361.80 89.30 451.10 OK
r-devel-linux-x86_64-debian-gcc 1.8.4 248.06 70.07 318.13 OK
r-devel-linux-x86_64-fedora-clang 1.8.4 923.23 NOTE
r-devel-linux-x86_64-fedora-gcc 1.8.4 615.51 OK
r-devel-windows-x86_64-new-UL 1.8.4 547.00 172.00 719.00 NOTE
r-devel-windows-x86_64-new-TK 1.8.4 OK
r-devel-windows-x86_64-old 1.8.4 489.00 105.00 594.00 NOTE
r-patched-linux-x86_64 1.8.4 313.01 80.90 393.91 OK
r-release-linux-x86_64 1.8.4 312.25 81.52 393.77 OK
r-release-macos-arm64 1.8.4 NOTE
r-release-macos-x86_64 1.8.4 NOTE
r-release-windows-ix86+x86_64 1.8.4 975.00 162.00 1137.00 NOTE
r-oldrel-macos-x86_64 1.8.4 NOTE
r-oldrel-windows-ix86+x86_64 1.8.4 983.00 167.00 1150.00 NOTE

Check Details

Version: 1.8.4
Check: installed package size
Result: NOTE
     installed size is 19.7Mb
     sub-directories of 1Mb or more:
     doc 5.3Mb
     libs 14.0Mb
Flavors: r-devel-linux-x86_64-fedora-clang, r-devel-windows-x86_64-new-UL, r-devel-windows-x86_64-old, r-release-macos-arm64, r-release-macos-x86_64, r-release-windows-ix86+x86_64, r-oldrel-macos-x86_64, r-oldrel-windows-ix86+x86_64