Last updated on 2023-06-05 21:59:13 CEST.
Flavor | Version | Tinstall | Tcheck | Ttotal | Status | Flags |
---|---|---|---|---|---|---|
r-devel-linux-x86_64-debian-clang | 1.4.5 | 141.25 | 58.78 | 200.03 | NOTE | |
r-devel-linux-x86_64-debian-gcc | 1.4.5 | 115.20 | 45.03 | 160.23 | NOTE | |
r-devel-linux-x86_64-fedora-clang | 1.4.5 | 317.30 | NOTE | |||
r-devel-linux-x86_64-fedora-gcc | 1.4.5 | 292.09 | NOTE | |||
r-devel-windows-x86_64 | 1.4.5 | 107.00 | 86.00 | 193.00 | NOTE | |
r-patched-linux-x86_64 | 1.4.5 | 113.31 | 55.85 | 169.16 | NOTE | |
r-release-linux-x86_64 | 1.4.5 | 119.91 | 55.89 | 175.80 | NOTE | |
r-release-macos-arm64 | 1.4.5 | 73.00 | NOTE | |||
r-release-macos-x86_64 | 1.4.5 | 120.00 | NOTE | |||
r-release-windows-x86_64 | 1.4.5 | 131.00 | 100.00 | 231.00 | NOTE | |
r-oldrel-macos-arm64 | 1.4.5 | 67.00 | NOTE | |||
r-oldrel-macos-x86_64 | 1.4.5 | 83.00 | NOTE | |||
r-oldrel-windows-x86_64 | 1.4.5 | 129.00 | 93.00 | 222.00 | OK |
Version: 1.4.5
Check: C++ specification
Result: NOTE
Specified C++11: please drop specification unless essential
Flavors: r-devel-linux-x86_64-debian-clang, r-devel-linux-x86_64-debian-gcc, r-devel-linux-x86_64-fedora-clang, r-devel-linux-x86_64-fedora-gcc, r-devel-windows-x86_64, r-patched-linux-x86_64, r-release-linux-x86_64, r-release-macos-arm64, r-release-macos-x86_64, r-release-windows-x86_64
Version: 1.4.5
Check: installed package size
Result: NOTE
installed size is 8.8Mb
sub-directories of 1Mb or more:
libs 8.7Mb
Flavors: r-release-macos-arm64, r-release-macos-x86_64, r-oldrel-macos-arm64, r-oldrel-macos-x86_64