CRAN Package Check Results for Package NlcOptim

Last updated on 2021-10-26 08:10:10 CEST.

Flavor Version Tinstall Tcheck Ttotal Status Flags
r-devel-linux-x86_64-debian-clang 0.6 3.96 26.30 30.26 NOTE
r-devel-linux-x86_64-debian-gcc 0.6 3.00 20.55 23.55 NOTE
r-devel-linux-x86_64-fedora-clang 0.6 47.24 NOTE
r-devel-linux-x86_64-fedora-gcc 0.6 36.81 NOTE
r-devel-windows-x86_64 0.6 6.00 33.00 39.00 NOTE
r-devel-windows-x86_64-gcc10-UCRT 0.6 NOTE
r-patched-linux-x86_64 0.6 3.97 26.10 30.07 NOTE
r-patched-solaris-x86 0.6 51.30 NOTE
r-release-linux-x86_64 0.6 3.24 26.10 29.34 NOTE
r-release-macos-arm64 0.6 NOTE
r-release-macos-x86_64 0.6 NOTE
r-release-windows-ix86+x86_64 0.6 8.00 41.00 49.00 NOTE
r-oldrel-macos-x86_64 0.6 OK
r-oldrel-windows-ix86+x86_64 0.6 8.00 44.00 52.00 OK

Check Details

Version: 0.6
Check: LazyData
Result: NOTE
     'LazyData' is specified without a 'data' directory
Flavors: r-devel-linux-x86_64-debian-clang, r-devel-linux-x86_64-debian-gcc, r-devel-linux-x86_64-fedora-clang, r-devel-linux-x86_64-fedora-gcc, r-devel-windows-x86_64, r-devel-windows-x86_64-gcc10-UCRT, r-patched-linux-x86_64, r-patched-solaris-x86, r-release-linux-x86_64, r-release-macos-arm64, r-release-macos-x86_64, r-release-windows-ix86+x86_64