CRAN Package Check Results for Package NetInt

Last updated on 2024-06-18 21:48:27 CEST.

Flavor Version Tinstall Tcheck Ttotal Status Flags
r-devel-linux-x86_64-debian-clang 1.0.0 2.46 24.43 26.89 OK
r-devel-linux-x86_64-debian-gcc 1.0.0 1.57 18.46 20.03 OK
r-devel-linux-x86_64-fedora-clang 1.0.0 33.25 NOTE
r-devel-linux-x86_64-fedora-gcc 1.0.0 31.40 NOTE
r-devel-windows-x86_64 1.0.0 3.00 42.00 45.00 OK
r-patched-linux-x86_64 1.0.0 2.15 23.75 25.90 OK
r-release-linux-x86_64 1.0.0 1.72 23.15 24.87 OK
r-release-macos-arm64 1.0.0 17.00 OK
r-release-macos-x86_64 1.0.0 23.00 OK
r-release-windows-x86_64 1.0.0 4.00 42.00 46.00 OK
r-oldrel-macos-arm64 1.0.0 17.00 OK
r-oldrel-macos-x86_64 1.0.0 23.00 OK
r-oldrel-windows-x86_64 1.0.0 3.00 44.00 47.00 OK

Check Details

Version: 1.0.0
Check: dependencies in R code
Result: NOTE Namespace in Imports field not imported from: ‘mathjaxr’ All declared Imports should be used. Flavors: r-devel-linux-x86_64-fedora-clang, r-devel-linux-x86_64-fedora-gcc