CRAN Package Check Results for Package NbClust

Last updated on 2024-04-16 21:50:35 CEST.

Flavor Version Tinstall Tcheck Ttotal Status Flags
r-devel-linux-x86_64-debian-clang 3.0.1 6.71 40.31 47.02 NOTE
r-devel-linux-x86_64-debian-gcc 3.0.1 4.60 29.37 33.97 NOTE
r-devel-linux-x86_64-fedora-clang 3.0.1 58.50 NOTE
r-devel-linux-x86_64-fedora-gcc 3.0.1 59.07 NOTE
r-prerel-macos-arm64 3.0.1 18.00 NOTE
r-prerel-windows-x86_64 3.0.1 6.00 43.00 49.00 NOTE
r-patched-linux-x86_64 3.0.1 6.16 39.19 45.35 NOTE
r-release-linux-x86_64 3.0.1 4.95 39.77 44.72 OK
r-release-macos-arm64 3.0.1 20.00 OK
r-release-macos-x86_64 3.0.1 28.00 OK
r-release-windows-x86_64 3.0.1 8.00 48.00 56.00 OK
r-oldrel-macos-arm64 3.0.1 18.00 OK
r-oldrel-windows-x86_64 3.0.1 9.00 50.00 59.00 OK

Check Details

Version: 3.0.1
Check: Rd files
Result: NOTE checkRd: (-1) NbClust.Rd:50: Lost braces; missing escapes or markup? 50 | \item \bold{Average} : The distance \eqn{D_{ij}}{D_ij} between two clusters \eqn{C_{i}}{C_i} and \eqn{C_{j}}{C_j} is the mean of the distances between the pair of points {x} and {y}, where \eqn{x \in C_{i}, y \in C_{j}}{x in C_i, y in C_j}. | ^ checkRd: (-1) NbClust.Rd:50: Lost braces; missing escapes or markup? 50 | \item \bold{Average} : The distance \eqn{D_{ij}}{D_ij} between two clusters \eqn{C_{i}}{C_i} and \eqn{C_{j}}{C_j} is the mean of the distances between the pair of points {x} and {y}, where \eqn{x \in C_{i}, y \in C_{j}}{x in C_i, y in C_j}. | ^ Flavors: r-devel-linux-x86_64-debian-clang, r-devel-linux-x86_64-debian-gcc, r-devel-linux-x86_64-fedora-clang, r-devel-linux-x86_64-fedora-gcc, r-prerel-macos-arm64, r-prerel-windows-x86_64, r-patched-linux-x86_64