CRAN Package Check Results for Package NUCOMBog

Last updated on 2022-05-18 21:53:22 CEST.

Flavor Version Tinstall Tcheck Ttotal Status Flags
r-devel-linux-x86_64-debian-clang 1.0.4.2 2.85 39.31 42.16 NOTE
r-devel-linux-x86_64-debian-gcc 1.0.4.2 2.15 30.58 32.73 NOTE
r-devel-linux-x86_64-fedora-clang 1.0.4.2 52.69 NOTE
r-devel-linux-x86_64-fedora-gcc 1.0.4.2 52.16 NOTE
r-devel-windows-x86_64 1.0.4.2 34.00 81.00 115.00 NOTE
r-patched-linux-x86_64 1.0.4.2 3.02 37.97 40.99 NOTE
r-release-linux-x86_64 1.0.4.2 2.76 37.73 40.49 NOTE
r-release-macos-arm64 1.0.4.2 23.00 NOTE
r-release-macos-x86_64 1.0.4.2 28.00 NOTE
r-release-windows-x86_64 1.0.4.2 23.00 76.00 99.00 NOTE
r-oldrel-macos-arm64 1.0.4.2 29.00 NOTE
r-oldrel-macos-x86_64 1.0.4.2 37.00 NOTE
r-oldrel-windows-ix86+x86_64 1.0.4.2 6.00 60.00 66.00 NOTE

Check Details

Version: 1.0.4.2
Check: LazyData
Result: NOTE
     'LazyData' is specified without a 'data' directory
Flavors: r-devel-linux-x86_64-debian-clang, r-devel-linux-x86_64-debian-gcc, r-devel-linux-x86_64-fedora-clang, r-devel-linux-x86_64-fedora-gcc, r-devel-windows-x86_64, r-patched-linux-x86_64, r-release-linux-x86_64, r-release-macos-arm64, r-release-macos-x86_64, r-release-windows-x86_64, r-oldrel-macos-arm64, r-oldrel-macos-x86_64, r-oldrel-windows-ix86+x86_64