CRAN Package Check Results for Package NSAE

Last updated on 2024-02-26 07:50:08 CET.

Flavor Version Tinstall Tcheck Ttotal Status Flags
r-devel-linux-x86_64-debian-clang 0.4.0 11.14 120.92 132.06 NOTE
r-devel-linux-x86_64-debian-gcc 0.4.0 10.67 91.98 102.65 NOTE
r-devel-linux-x86_64-fedora-clang 0.4.0 165.11 NOTE
r-devel-linux-x86_64-fedora-gcc 0.4.0 167.01 NOTE
r-devel-windows-x86_64 0.4.0 11.00 104.00 115.00 OK
r-patched-linux-x86_64 0.4.0 15.45 118.52 133.97 OK
r-release-linux-x86_64 0.4.0 11.56 113.18 124.74 OK
r-release-macos-arm64 0.4.0 49.00 OK
r-release-macos-x86_64 0.4.0 85.00 OK
r-release-windows-x86_64 0.4.0 15.00 125.00 140.00 OK
r-oldrel-macos-arm64 0.4.0 81.00 OK
r-oldrel-windows-x86_64 0.4.0 16.00 129.00 145.00 OK

Check Details

Version: 0.4.0
Check: Rd files
Result: NOTE checkRd: (-1) NSAE.Rd:14: Lost braces; missing escapes or markup? 14 | {Maintainer}: Saurav Guha \email{saurav.iasri@gmail.com} | ^ Flavors: r-devel-linux-x86_64-debian-clang, r-devel-linux-x86_64-debian-gcc, r-devel-linux-x86_64-fedora-clang, r-devel-linux-x86_64-fedora-gcc