CRAN Package Check Results for Package NPflow

Last updated on 2021-11-29 07:51:16 CET.

Flavor Version Tinstall Tcheck Ttotal Status Flags
r-devel-linux-x86_64-debian-clang 0.13.3 OK
r-devel-linux-x86_64-debian-gcc 0.13.3 192.94 92.35 285.29 OK
r-devel-linux-x86_64-fedora-clang 0.13.3 597.21 NOTE
r-devel-linux-x86_64-fedora-gcc 0.13.3 524.64 OK
r-devel-windows-x86_64-new-UL 0.13.3 352.00 194.00 546.00 OK
r-devel-windows-x86_64-new-TK 0.13.3 OK
r-devel-windows-x86_64-old 0.13.3 258.00 175.00 433.00 OK
r-patched-linux-x86_64 0.13.3 239.16 117.75 356.91 OK
r-patched-solaris-x86 0.13.3 465.40 OK
r-release-linux-x86_64 0.13.3 230.88 118.69 349.57 OK
r-release-macos-arm64 0.13.3 NOTE
r-release-macos-x86_64 0.13.3 NOTE
r-release-windows-ix86+x86_64 0.13.3 660.00 172.00 832.00 OK
r-oldrel-macos-x86_64 0.13.3 NOTE
r-oldrel-windows-ix86+x86_64 0.13.3 656.00 237.00 893.00 OK

Check Details

Version: 0.13.3
Check: installed package size
Result: NOTE
     installed size is 8.0Mb
     sub-directories of 1Mb or more:
     libs 7.3Mb
Flavors: r-devel-linux-x86_64-fedora-clang, r-release-macos-arm64, r-release-macos-x86_64, r-oldrel-macos-x86_64