CRAN Package Check Results for Package NPC

Last updated on 2020-10-01 08:48:51 CEST.

Flavor Version Tinstall Tcheck Ttotal Status Flags
r-devel-linux-x86_64-debian-clang 1.1.0 2.98 25.90 28.88 OK
r-devel-linux-x86_64-debian-gcc 1.1.0 0.32 1.92 2.24 ERROR
r-devel-linux-x86_64-fedora-clang 1.1.0 46.26 OK
r-devel-linux-x86_64-fedora-gcc 1.1.0 35.39 OK
r-devel-windows-ix86+x86_64 1.1.0 5.00 44.00 49.00 OK
r-patched-linux-x86_64 1.1.0 2.87 25.20 28.07 OK
r-patched-solaris-x86 1.1.0 50.20 OK
r-release-linux-x86_64 1.1.0 2.89 25.00 27.89 OK
r-release-macos-x86_64 1.1.0 OK
r-release-windows-ix86+x86_64 1.1.0 6.00 43.00 49.00 OK
r-oldrel-macos-x86_64 1.1.0 OK
r-oldrel-windows-ix86+x86_64 1.1.0 5.00 43.00 48.00 OK

Check Details

Version: 1.1.0
Check: whether package can be installed
Result: ERROR
    Installation failed.
Flavor: r-devel-linux-x86_64-debian-gcc