CRAN Package Check Results for Package NPC

Last updated on 2021-11-30 19:51:30 CET.

Flavor Version Tinstall Tcheck Ttotal Status Flags
r-devel-linux-x86_64-debian-clang 1.1.0 2.38 26.67 29.05 NOTE
r-devel-linux-x86_64-debian-gcc 1.1.0 2.02 20.65 22.67 NOTE
r-devel-linux-x86_64-fedora-clang 1.1.0 48.00 NOTE
r-devel-linux-x86_64-fedora-gcc 1.1.0 35.27 NOTE
r-devel-windows-x86_64-new-UL 1.1.0 9.00 64.00 73.00 NOTE
r-devel-windows-x86_64-new-TK 1.1.0 NOTE
r-devel-windows-x86_64-old 1.1.0 5.00 33.00 38.00 NOTE
r-patched-linux-x86_64 1.1.0 2.58 25.35 27.93 NOTE
r-patched-solaris-x86 1.1.0 55.50 NOTE
r-release-linux-x86_64 1.1.0 2.91 25.41 28.32 NOTE
r-release-macos-arm64 1.1.0 NOTE
r-release-macos-x86_64 1.1.0 NOTE
r-release-windows-ix86+x86_64 1.1.0 6.00 44.00 50.00 NOTE
r-oldrel-macos-x86_64 1.1.0 OK
r-oldrel-windows-ix86+x86_64 1.1.0 6.00 38.00 44.00 OK

Check Details

Version: 1.1.0
Check: LazyData
Result: NOTE
     'LazyData' is specified without a 'data' directory
Flavors: r-devel-linux-x86_64-debian-clang, r-devel-linux-x86_64-debian-gcc, r-devel-linux-x86_64-fedora-clang, r-devel-linux-x86_64-fedora-gcc, r-devel-windows-x86_64-new-UL, r-devel-windows-x86_64-new-TK, r-devel-windows-x86_64-old, r-patched-linux-x86_64, r-patched-solaris-x86, r-release-linux-x86_64, r-release-macos-arm64, r-release-macos-x86_64, r-release-windows-ix86+x86_64