Last updated on 2022-08-14 21:53:16 CEST.
Flavor | Version | Tinstall | Tcheck | Ttotal | Status | Flags |
---|---|---|---|---|---|---|
r-devel-linux-x86_64-debian-clang | 0.9.0 | 63.87 | 486.00 | 549.87 | NOTE | |
r-devel-linux-x86_64-debian-gcc | 0.9.0 | 53.66 | 311.75 | 365.41 | NOTE | |
r-devel-linux-x86_64-fedora-clang | 0.9.0 | 636.80 | NOTE | |||
r-devel-linux-x86_64-fedora-gcc | 0.9.0 | 603.59 | NOTE | |||
r-devel-windows-x86_64 | 0.9.0 | 82.00 | 454.00 | 536.00 | NOTE | |
r-patched-linux-x86_64 | 0.9.0 | 61.99 | 402.78 | 464.77 | NOTE | |
r-release-linux-x86_64 | 0.9.0 | 56.56 | 393.73 | 450.29 | NOTE | |
r-release-macos-arm64 | 0.9.0 | 109.00 | NOTE | |||
r-release-macos-x86_64 | 0.9.0 | 207.00 | NOTE | |||
r-release-windows-x86_64 | 0.9.0 | 81.00 | 447.00 | 528.00 | NOTE | |
r-oldrel-macos-arm64 | 0.9.0 | 154.00 | NOTE | |||
r-oldrel-macos-x86_64 | 0.9.0 | 218.00 | NOTE | |||
r-oldrel-windows-ix86+x86_64 | 0.9.0 | 159.00 | 581.00 | 740.00 | NOTE |
Version: 0.9.0
Check: for GNU extensions in Makefiles
Result: NOTE
GNU make is a SystemRequirements.
Flavors: r-devel-linux-x86_64-debian-clang, r-devel-linux-x86_64-debian-gcc, r-devel-linux-x86_64-fedora-clang, r-devel-linux-x86_64-fedora-gcc, r-devel-windows-x86_64, r-patched-linux-x86_64, r-release-linux-x86_64, r-release-macos-arm64, r-release-macos-x86_64, r-release-windows-x86_64, r-oldrel-macos-arm64, r-oldrel-macos-x86_64, r-oldrel-windows-ix86+x86_64
Version: 0.9.0
Check: dependencies in R code
Result: NOTE
Namespace in Imports field not imported from: ‘RcppThread’
All declared Imports should be used.
Flavors: r-devel-linux-x86_64-fedora-clang, r-devel-linux-x86_64-fedora-gcc, r-release-macos-arm64, r-release-macos-x86_64, r-oldrel-macos-arm64, r-oldrel-macos-x86_64