Last updated on 2022-07-04 21:49:47 CEST.
Flavor | Version | Tinstall | Tcheck | Ttotal | Status | Flags |
---|---|---|---|---|---|---|
r-devel-linux-x86_64-debian-clang | 1.0.1 | 15.81 | 115.75 | 131.56 | NOTE | |
r-devel-linux-x86_64-debian-gcc | 1.0.1 | 11.61 | 89.21 | 100.82 | NOTE | |
r-devel-linux-x86_64-fedora-clang | 1.0.1 | 156.75 | NOTE | |||
r-devel-linux-x86_64-fedora-gcc | 1.0.1 | 154.92 | NOTE | |||
r-devel-windows-x86_64 | 1.0.1 | 928.00 | 219.00 | 1147.00 | NOTE | |
r-patched-linux-x86_64 | 1.0.1 | 27.53 | 95.36 | 122.89 | NOTE | |
r-release-linux-x86_64 | 1.0.1 | 14.93 | 93.90 | 108.83 | NOTE | |
r-release-macos-arm64 | 1.0.1 | 44.00 | NOTE | |||
r-release-macos-x86_64 | 1.0.1 | 70.00 | NOTE | |||
r-release-windows-x86_64 | 1.0.1 | 127.00 | 196.00 | 323.00 | NOTE | |
r-oldrel-macos-arm64 | 1.0.1 | 52.00 | NOTE | |||
r-oldrel-macos-x86_64 | 1.0.1 | 111.00 | NOTE | |||
r-oldrel-windows-ix86+x86_64 | 1.0.1 | 27.00 | 169.00 | 196.00 | NOTE |
Version: 1.0.1
Check: DESCRIPTION meta-information
Result: NOTE
Malformed Description field: should contain one or more complete sentences.
Flavors: r-devel-linux-x86_64-debian-clang, r-devel-linux-x86_64-debian-gcc, r-devel-linux-x86_64-fedora-clang, r-devel-linux-x86_64-fedora-gcc, r-devel-windows-x86_64, r-patched-linux-x86_64, r-release-linux-x86_64, r-release-macos-arm64, r-release-macos-x86_64, r-release-windows-x86_64, r-oldrel-macos-arm64, r-oldrel-macos-x86_64, r-oldrel-windows-ix86+x86_64
Version: 1.0.1
Check: data for non-ASCII characters
Result: NOTE
Note: found 170 marked UTF-8 strings
Flavors: r-devel-linux-x86_64-fedora-clang, r-devel-linux-x86_64-fedora-gcc, r-release-macos-arm64, r-release-macos-x86_64, r-oldrel-macos-arm64, r-oldrel-macos-x86_64