CRAN Package Check Results for Package NHSRplotthedots

Last updated on 2024-02-29 19:12:27 CET.

Flavor Version Tinstall Tcheck Ttotal Status Flags
r-devel-linux-x86_64-debian-clang 0.1.0 5.18 170.49 175.67 OK
r-devel-linux-x86_64-debian-gcc 0.1.0 5.51 127.96 133.47 OK
r-devel-linux-x86_64-fedora-clang 0.1.0 213.34 NOTE
r-devel-linux-x86_64-fedora-gcc 0.1.0 204.06 NOTE
r-devel-windows-x86_64 0.1.0 7.00 126.00 133.00 OK
r-patched-linux-x86_64 0.1.0 5.73 165.66 171.39 OK
r-release-linux-x86_64 0.1.0 5.73 167.88 173.61 OK
r-release-macos-arm64 0.1.0 63.00 OK
r-release-macos-x86_64 0.1.0 104.00 OK
r-release-windows-x86_64 0.1.0 9.00 175.00 184.00 OK
r-oldrel-macos-arm64 0.1.0 41.00 NOTE
r-oldrel-windows-x86_64 0.1.0 8.00 184.00 192.00 OK

Check Details

Version: 0.1.0
Check: dependencies in R code
Result: NOTE Namespaces in Imports field not imported from: ‘NHSRdatasets’ ‘grid’ ‘utils’ All declared Imports should be used. Flavors: r-devel-linux-x86_64-fedora-clang, r-devel-linux-x86_64-fedora-gcc, r-oldrel-macos-arm64