CRAN Package Check Results for Package NHSRdatasets

Last updated on 2021-09-25 20:50:35 CEST.

Flavor Version Tinstall Tcheck Ttotal Status Flags
r-devel-linux-x86_64-debian-clang 0.3.0 2.05 81.67 83.72 OK
r-devel-linux-x86_64-debian-gcc 0.3.0 1.76 52.77 54.53 OK
r-devel-linux-x86_64-fedora-clang 0.3.0 93.86 NOTE
r-devel-linux-x86_64-fedora-gcc 0.3.0 84.25 NOTE
r-devel-windows-x86_64 0.3.0 4.00 79.00 83.00 OK
r-devel-windows-x86_64-gcc10-UCRT 0.3.0 NOTE
r-patched-linux-x86_64 0.3.0 2.29 75.97 78.26 OK
r-patched-solaris-x86 0.3.0 140.30 NOTE
r-release-linux-x86_64 0.3.0 1.99 77.35 79.34 OK
r-release-macos-arm64 0.3.0 NOTE
r-release-macos-x86_64 0.3.0 NOTE
r-release-windows-ix86+x86_64 0.3.0 5.00 110.00 115.00 OK
r-oldrel-macos-x86_64 0.3.0 NOTE
r-oldrel-windows-ix86+x86_64 0.3.0 5.00 84.00 89.00 OK

Check Details

Version: 0.3.0
Check: dependencies in R code
Result: NOTE
    Namespace in Imports field not imported from: ‘tibble’
     All declared Imports should be used.
Flavors: r-devel-linux-x86_64-fedora-clang, r-devel-linux-x86_64-fedora-gcc, r-devel-windows-x86_64-gcc10-UCRT, r-patched-solaris-x86, r-release-macos-arm64, r-release-macos-x86_64, r-oldrel-macos-x86_64