Last updated on 2023-03-29 08:53:45 CEST.
Flavor | Version | Tinstall | Tcheck | Ttotal | Status | Flags |
---|---|---|---|---|---|---|
r-devel-linux-x86_64-debian-clang | 3.3 | 6.01 | 51.09 | 57.10 | NOTE | |
r-devel-linux-x86_64-debian-gcc | 3.3 | 3.79 | 39.42 | 43.21 | NOTE | |
r-devel-linux-x86_64-fedora-clang | 3.3 | 70.71 | NOTE | |||
r-devel-linux-x86_64-fedora-gcc | 3.3 | 71.78 | NOTE | |||
r-devel-windows-x86_64 | 3.3 | 26.00 | 0.00 | 26.00 | NOTE | |
r-patched-linux-x86_64 | 3.3 | 6.31 | 48.78 | 55.09 | NOTE | |
r-release-linux-x86_64 | 3.3 | 3.97 | 49.15 | 53.12 | OK | |
r-release-macos-arm64 | 3.3 | 25.00 | OK | |||
r-release-macos-x86_64 | 3.3 | 41.00 | OK | |||
r-release-windows-x86_64 | 3.3 | 27.00 | 92.00 | 119.00 | OK | |
r-oldrel-macos-arm64 | 3.3 | 41.00 | OK | |||
r-oldrel-macos-x86_64 | 3.3 | 55.00 | OK | |||
r-oldrel-windows-ix86+x86_64 | 3.3 | 12.00 | 83.00 | 95.00 | OK |
Version: 3.3
Check: Rd files
Result: NOTE
checkRd: (-1) graphresU.fun.Rd:72: Escaped LaTeX specials: \&
Flavors: r-devel-linux-x86_64-debian-clang, r-devel-linux-x86_64-debian-gcc, r-devel-linux-x86_64-fedora-clang, r-devel-linux-x86_64-fedora-gcc, r-devel-windows-x86_64, r-patched-linux-x86_64