CRAN Package Check Results for Package NAM

Last updated on 2021-10-26 08:10:10 CEST.

Flavor Version Tinstall Tcheck Ttotal Status Flags
r-devel-linux-x86_64-debian-clang 1.7.3 48.10 78.94 127.04 OK
r-devel-linux-x86_64-debian-gcc 1.7.3 34.24 59.68 93.92 OK
r-devel-linux-x86_64-fedora-clang 1.7.3 198.50 NOTE
r-devel-linux-x86_64-fedora-gcc 1.7.3 157.05 OK
r-devel-windows-x86_64 1.7.3 57.00 119.00 176.00 OK
r-devel-windows-x86_64-gcc10-UCRT 1.7.3 OK
r-patched-linux-x86_64 1.7.3 39.94 77.53 117.47 OK
r-patched-solaris-x86 1.7.3 180.40 OK
r-release-linux-x86_64 1.7.3 38.39 76.80 115.19 OK
r-release-macos-arm64 1.7.3 NOTE
r-release-macos-x86_64 1.7.3 NOTE
r-release-windows-ix86+x86_64 1.7.3 75.00 115.00 190.00 OK
r-oldrel-macos-x86_64 1.7.3 NOTE
r-oldrel-windows-ix86+x86_64 1.7.3 103.00 116.00 219.00 OK

Check Details

Version: 1.7.3
Check: installed package size
Result: NOTE
     installed size is 6.9Mb
     sub-directories of 1Mb or more:
     libs 4.7Mb
Flavors: r-devel-linux-x86_64-fedora-clang, r-release-macos-arm64, r-release-macos-x86_64, r-oldrel-macos-x86_64