Last updated on 2023-10-03 09:08:23 CEST.
Flavor | Version | Tinstall | Tcheck | Ttotal | Status | Flags |
---|---|---|---|---|---|---|
r-devel-linux-x86_64-debian-clang | 1.0.1 | 83.27 | 73.58 | 156.85 | NOTE | |
r-devel-linux-x86_64-debian-gcc | 1.0.1 | 68.11 | 56.76 | 124.87 | NOTE | |
r-devel-windows-x86_64 | 1.0.1 | 75.00 | 96.00 | 171.00 | NOTE | |
r-patched-linux-x86_64 | 1.0.1 | 87.85 | 71.76 | 159.61 | NOTE | |
r-release-linux-x86_64 | 1.0.1 | 86.21 | 71.94 | 158.15 | NOTE | |
r-release-macos-arm64 | 1.0.1 | 60.00 | NOTE | |||
r-release-macos-x86_64 | 1.0.1 | 108.00 | NOTE | |||
r-release-windows-x86_64 | 1.0.1 | 94.00 | 107.00 | 201.00 | NOTE | |
r-oldrel-macos-arm64 | 1.0.1 | 61.00 | NOTE | |||
r-oldrel-macos-x86_64 | 1.0.1 | 75.00 | NOTE | |||
r-oldrel-windows-x86_64 | 1.0.1 | 94.00 | 105.00 | 199.00 | NOTE |
Version: 1.0.1
Check: C++ specification
Result: NOTE
Specified C++11: please drop specification unless essential
Flavors: r-devel-linux-x86_64-debian-clang, r-devel-linux-x86_64-debian-gcc, r-devel-windows-x86_64, r-patched-linux-x86_64, r-release-linux-x86_64, r-release-macos-arm64, r-release-macos-x86_64, r-release-windows-x86_64
Version: 1.0.1
Check: for GNU extensions in Makefiles
Result: NOTE
GNU make is a SystemRequirements.
Flavors: r-devel-linux-x86_64-debian-clang, r-devel-linux-x86_64-debian-gcc, r-devel-windows-x86_64, r-patched-linux-x86_64, r-release-linux-x86_64, r-release-macos-arm64, r-release-macos-x86_64, r-release-windows-x86_64, r-oldrel-macos-arm64, r-oldrel-macos-x86_64, r-oldrel-windows-x86_64
Version: 1.0.1
Check: installed package size
Result: NOTE
installed size is 6.1Mb
sub-directories of 1Mb or more:
libs 6.0Mb
Flavors: r-release-macos-arm64, r-release-macos-x86_64, r-oldrel-macos-arm64, r-oldrel-macos-x86_64