CRAN Package Check Results for Package MultiscaleDTM

Last updated on 2024-02-24 19:50:45 CET.

Flavor Version Tinstall Tcheck Ttotal Status Flags
r-devel-linux-x86_64-debian-clang 0.8.3 70.71 357.22 427.93 OK
r-devel-linux-x86_64-debian-gcc 0.8.3 56.33 261.52 317.85 OK
r-devel-linux-x86_64-fedora-clang 0.8.3 564.13 NOTE
r-devel-linux-x86_64-fedora-gcc 0.8.3 556.77 OK
r-devel-windows-x86_64 0.8.3 54.00 239.00 293.00 NOTE
r-patched-linux-x86_64 0.8.3 49.84 340.90 390.74 OK
r-release-linux-x86_64 0.8.3 46.28 337.67 383.95 OK
r-release-macos-arm64 0.8.3 137.00 NOTE
r-release-macos-x86_64 0.8.3 273.00 NOTE
r-release-windows-x86_64 0.8.3 73.00 338.00 411.00 NOTE
r-oldrel-macos-arm64 0.8.3 127.00 NOTE
r-oldrel-windows-x86_64 0.8.3 73.00 314.00 387.00 NOTE

Check Details

Version: 0.8.3
Check: installed package size
Result: NOTE installed size is 5.3Mb sub-directories of 1Mb or more: doc 2.7Mb help 2.2Mb Flavors: r-devel-linux-x86_64-fedora-clang, r-devel-windows-x86_64, r-release-macos-arm64, r-release-macos-x86_64, r-release-windows-x86_64, r-oldrel-macos-arm64, r-oldrel-windows-x86_64