CRAN Package Check Results for Package MultIS

Last updated on 2024-03-01 07:52:55 CET.

Flavor Version Tinstall Tcheck Ttotal Status Flags
r-devel-linux-x86_64-debian-clang 0.6.2 6.66 82.43 89.09 OK
r-devel-linux-x86_64-debian-gcc 0.6.2 4.86 62.07 66.93 OK
r-devel-linux-x86_64-fedora-clang 0.6.2 106.77 NOTE
r-devel-linux-x86_64-fedora-gcc 0.6.2 116.71 NOTE
r-devel-windows-x86_64 0.6.2 7.00 86.00 93.00 OK
r-patched-linux-x86_64 0.6.2 6.41 79.26 85.67 OK
r-release-linux-x86_64 0.6.2 5.45 80.52 85.97 OK
r-release-macos-arm64 0.6.2 41.00 OK
r-release-macos-x86_64 0.6.2 58.00 OK
r-release-windows-x86_64 0.6.2 9.00 109.00 118.00 OK
r-oldrel-macos-arm64 0.6.2 36.00 NOTE
r-oldrel-windows-x86_64 0.6.2 10.00 108.00 118.00 OK

Check Details

Version: 0.6.2
Check: dependencies in R code
Result: NOTE Namespaces in Imports field not imported from: ‘poweRlaw’ ‘rmutil’ All declared Imports should be used. Flavors: r-devel-linux-x86_64-fedora-clang, r-devel-linux-x86_64-fedora-gcc, r-oldrel-macos-arm64