CRAN Package Check Results for Package MultBiplotR

Last updated on 2021-09-23 20:52:22 CEST.

Flavor Version Tinstall Tcheck Ttotal Status Flags
r-devel-linux-x86_64-debian-clang 1.3.30 39.37 269.74 309.11 OK
r-devel-linux-x86_64-debian-gcc 1.3.30 30.42 188.46 218.88 OK
r-devel-linux-x86_64-fedora-clang 1.3.30 359.34 NOTE
r-devel-linux-x86_64-fedora-gcc 1.3.30 345.69 NOTE
r-devel-windows-x86_64 1.3.30 42.00 239.00 281.00 OK
r-devel-windows-x86_64-gcc10-UCRT 1.3.30 NOTE
r-patched-linux-x86_64 1.3.30 38.79 246.55 285.34 OK
r-patched-solaris-x86 1.3.30 421.30 NOTE
r-release-linux-x86_64 1.3.30 37.68 244.56 282.24 OK
r-release-macos-arm64 1.3.30 NOTE
r-release-macos-x86_64 1.3.30 NOTE
r-release-windows-ix86+x86_64 1.3.30 76.00 323.00 399.00 OK
r-oldrel-macos-x86_64 1.3.30 NOTE
r-oldrel-windows-ix86+x86_64 1.3.30 60.00 248.00 308.00 OK

Check Details

Version: 1.3.30
Check: dependencies in R code
Result: NOTE
    Namespace in Imports field not imported from: ‘polycor’
     All declared Imports should be used.
Flavors: r-devel-linux-x86_64-fedora-clang, r-devel-linux-x86_64-fedora-gcc, r-devel-windows-x86_64-gcc10-UCRT, r-patched-solaris-x86, r-release-macos-arm64, r-release-macos-x86_64, r-oldrel-macos-x86_64