Last updated on 2023-03-21 19:57:17 CET.
Flavor | Version | Tinstall | Tcheck | Ttotal | Status | Flags |
---|---|---|---|---|---|---|
r-devel-linux-x86_64-debian-clang | 1.0.1.1 | 9.32 | 157.29 | 166.61 | OK | |
r-devel-linux-x86_64-debian-gcc | 1.0.1.1 | 8.43 | 116.91 | 125.34 | OK | |
r-devel-linux-x86_64-fedora-clang | 1.0.1.1 | 208.35 | OK | |||
r-devel-linux-x86_64-fedora-gcc | 1.0.1.1 | 221.02 | OK | |||
r-devel-windows-x86_64 | 1.0.1.1 | 82.00 | 273.00 | 355.00 | OK | |
r-patched-linux-x86_64 | 1.0.1.1 | 16.04 | 157.07 | 173.11 | OK | |
r-release-linux-x86_64 | 1.0.1.1 | 11.36 | 149.74 | 161.10 | OK | |
r-release-macos-arm64 | 1.0.1.1 | 42.00 | OK | |||
r-release-macos-x86_64 | 1.0.1.1 | 83.00 | OK | |||
r-release-windows-x86_64 | 1.0.1.1 | 112.00 | 294.00 | 406.00 | OK | |
r-oldrel-macos-arm64 | 1.0.1.1 | 68.00 | OK | |||
r-oldrel-macos-x86_64 | 1.0.1.1 | 96.00 | OK | |||
r-oldrel-windows-ix86+x86_64 | 1.0.1.1 | 23.00 | 204.00 | 227.00 | WARN |
Version: 1.0.1.1
Check: re-building of vignette outputs
Result: WARN
Error(s) in re-building vignettes:
--- re-building 'MorphoTools2_tutorial.Rmd' using rmarkdown
! Paragraph ended before \@xverbatim was complete.
<to be read again>
\par
l.123
Error: processing vignette 'MorphoTools2_tutorial.Rmd' failed with diagnostics:
LaTeX failed to compile d:/RCompile/CRANpkg/local/4.1/MorphoTools2.Rcheck/vign_test/MorphoTools2/vignettes/MorphoTools2_tutorial.tex. See https://yihui.org/tinytex/r/#debugging for debugging tips. See MorphoTools2_tutorial.log for more info.
--- failed re-building 'MorphoTools2_tutorial.Rmd'
SUMMARY: processing the following file failed:
'MorphoTools2_tutorial.Rmd'
Error: Vignette re-building failed.
Execution halted
Flavor: r-oldrel-windows-ix86+x86_64