CRAN Package Check Results for Package MoMPCA

Last updated on 2021-09-24 20:48:52 CEST.

Flavor Version Tinstall Tcheck Ttotal Status Flags
r-devel-linux-x86_64-debian-clang 1.0.1 5.97 59.38 65.35 OK
r-devel-linux-x86_64-debian-gcc 1.0.1 4.56 45.35 49.91 OK
r-devel-linux-x86_64-fedora-clang 1.0.1 85.91 NOTE
r-devel-linux-x86_64-fedora-gcc 1.0.1 75.02 NOTE
r-devel-windows-x86_64 1.0.1 9.00 215.00 224.00 OK
r-devel-windows-x86_64-gcc10-UCRT 1.0.1 NOTE
r-patched-linux-x86_64 1.0.1 11.78 56.42 68.20 OK
r-patched-solaris-x86 1.0.1 782.00 NOTE
r-release-linux-x86_64 1.0.1 5.01 56.55 61.56 OK
r-release-macos-arm64 1.0.1 NOTE
r-release-macos-x86_64 1.0.1 NOTE
r-release-windows-ix86+x86_64 1.0.1 15.00 267.00 282.00 OK
r-oldrel-macos-x86_64 1.0.1 NOTE
r-oldrel-windows-ix86+x86_64 1.0.1 11.00 232.00 243.00 OK

Check Details

Version: 1.0.1
Check: data for non-ASCII characters
Result: NOTE
     Note: found 16 marked UTF-8 strings
Flavors: r-devel-linux-x86_64-fedora-clang, r-devel-linux-x86_64-fedora-gcc, r-devel-windows-x86_64-gcc10-UCRT, r-patched-solaris-x86, r-release-macos-arm64, r-release-macos-x86_64, r-oldrel-macos-x86_64