CRAN Package Check Results for Package MoBPS

Last updated on 2020-10-01 08:48:49 CEST.

Flavor Version Tinstall Tcheck Ttotal Status Flags
r-devel-linux-x86_64-debian-clang 1.4.87 40.52 127.86 168.38 NOTE
r-devel-linux-x86_64-debian-gcc 1.4.87 0.46 2.59 3.05 ERROR
r-devel-linux-x86_64-fedora-clang 1.4.87 237.48 NOTE
r-devel-linux-x86_64-fedora-gcc 1.4.87 231.23 NOTE
r-devel-windows-ix86+x86_64 1.4.87 61.00 141.00 202.00 NOTE
r-patched-linux-x86_64 1.4.87 40.50 118.06 158.56 NOTE
r-patched-solaris-x86 1.4.87 243.00 NOTE
r-release-linux-x86_64 1.4.87 39.73 115.43 155.16 NOTE
r-release-macos-x86_64 1.4.87 NOTE
r-release-windows-ix86+x86_64 1.4.87 69.00 133.00 202.00 NOTE
r-oldrel-macos-x86_64 1.4.87 NOTE
r-oldrel-windows-ix86+x86_64 1.4.87 61.00 127.00 188.00 NOTE

Additional issues

donttest

Check Details

Version: 1.4.87
Check: package dependencies
Result: NOTE
    Package which this enhances but not available for checking: 'MoBPSmaps'
Flavors: r-devel-linux-x86_64-debian-clang, r-devel-linux-x86_64-debian-gcc, r-devel-linux-x86_64-fedora-clang, r-devel-linux-x86_64-fedora-gcc, r-devel-windows-ix86+x86_64, r-patched-linux-x86_64, r-patched-solaris-x86, r-release-linux-x86_64, r-release-windows-ix86+x86_64, r-oldrel-windows-ix86+x86_64

Version: 1.4.87
Check: whether package can be installed
Result: ERROR
    Installation failed.
Flavor: r-devel-linux-x86_64-debian-gcc

Version: 1.4.87
Check: package dependencies
Result: NOTE
    Packages suggested but not available for checking: 'doMPI', 'vcfR'
    
    Package which this enhances but not available for checking: ‘MoBPSmaps’
Flavor: r-release-macos-x86_64

Version: 1.4.87
Check: package dependencies
Result: NOTE
    Package suggested but not available for checking: ‘doMPI’
    
    Package which this enhances but not available for checking: ‘MoBPSmaps’
Flavor: r-oldrel-macos-x86_64