CRAN Package Check Results for Package MixfMRI

Last updated on 2021-10-17 12:52:49 CEST.

Flavor Version Tinstall Tcheck Ttotal Status Flags
r-devel-linux-x86_64-debian-clang 0.1-1 15.41 108.19 123.60 WARN
r-devel-linux-x86_64-debian-gcc 0.1-1 11.23 81.02 92.25 WARN
r-devel-linux-x86_64-fedora-clang 0.1-1 153.10 WARN
r-devel-linux-x86_64-fedora-gcc 0.1-1 149.91 WARN
r-devel-windows-x86_64 0.1-1 19.00 148.00 167.00 OK
r-devel-windows-x86_64-gcc10-UCRT 0.1-1 OK
r-patched-linux-x86_64 0.1-1 14.69 104.87 119.56 WARN
r-patched-solaris-x86 0.1-1 203.00 OK
r-release-linux-x86_64 0.1-1 11.15 104.55 115.70 WARN
r-release-macos-arm64 0.1-1 NOTE
r-release-macos-x86_64 0.1-1 NOTE
r-release-windows-ix86+x86_64 0.1-1 23.00 185.00 208.00 OK
r-oldrel-macos-x86_64 0.1-1 NOTE
r-oldrel-windows-ix86+x86_64 0.1-1 28.00 178.00 206.00 OK

Check Details

Version: 0.1-1
Check: top-level files
Result: WARN
     Output from running autoreconf:
     /usr/share/autoconf/autoconf/trailer.m4:4: warning: AC_OUTPUT was never used
Flavors: r-devel-linux-x86_64-debian-clang, r-devel-linux-x86_64-debian-gcc, r-patched-linux-x86_64, r-release-linux-x86_64

Version: 0.1-1
Check: top-level files
Result: WARN
     Output from running autoreconf:
     /usr/local/share/autoconf/autoconf/trailer.m4:4: warning: AC_OUTPUT was never used
Flavors: r-devel-linux-x86_64-fedora-clang, r-devel-linux-x86_64-fedora-gcc

Version: 0.1-1
Check: package dependencies
Result: NOTE
    Package which this enhances but not available for checking: ‘pbdMPI’
Flavors: r-release-macos-arm64, r-release-macos-x86_64, r-oldrel-macos-x86_64