Last updated on 2023-09-28 09:58:09 CEST.
Flavor | Version | Tinstall | Tcheck | Ttotal | Status | Flags |
---|---|---|---|---|---|---|
r-devel-linux-x86_64-debian-clang | 0.1.0 | 6.99 | 371.23 | 378.22 | OK | |
r-devel-linux-x86_64-debian-gcc | 0.1.0 | 3.75 | 286.06 | 289.81 | OK | |
r-devel-linux-x86_64-fedora-clang | 0.1.0 | 438.84 | NOTE | |||
r-devel-linux-x86_64-fedora-gcc | 0.1.0 | 482.95 | NOTE | |||
r-devel-windows-x86_64 | 0.1.0 | 8.00 | 315.00 | 323.00 | OK | |
r-patched-linux-x86_64 | 0.1.0 | 4.93 | 392.44 | 397.37 | OK | |
r-release-linux-x86_64 | 0.1.0 | 3.96 | 382.20 | 386.16 | OK | |
r-release-macos-arm64 | 0.1.0 | 166.00 | NOTE | |||
r-release-macos-x86_64 | 0.1.0 | 297.00 | NOTE | |||
r-release-windows-x86_64 | 0.1.0 | 10.00 | 325.00 | 335.00 | OK | |
r-oldrel-macos-arm64 | 0.1.0 | 138.00 | NOTE | |||
r-oldrel-macos-x86_64 | 0.1.0 | 376.00 | NOTE | |||
r-oldrel-windows-x86_64 | 0.1.0 | 7.00 | 319.00 | 326.00 | OK |
Version: 0.1.0
Check: package dependencies
Result: NOTE
Packages suggested but not available for checking:
'karyoploteR', 'regioneR'
Flavors: r-devel-linux-x86_64-fedora-clang, r-devel-linux-x86_64-fedora-gcc, r-release-macos-arm64, r-oldrel-macos-arm64
Version: 0.1.0
Check: package dependencies
Result: NOTE
Packages suggested but not available for checking:
'clustree', 'karyoploteR', 'regioneR'
Flavor: r-release-macos-x86_64
Version: 0.1.0
Check: package dependencies
Result: NOTE
Package suggested but not available for checking: ‘karyoploteR’
Flavor: r-oldrel-macos-x86_64