CRAN Package Check Results for Package MetaheuristicFPA

Last updated on 2021-11-30 07:49:57 CET.

Flavor Version Tinstall Tcheck Ttotal Status Flags
r-devel-linux-x86_64-debian-clang 1.0 30.36 24.18 54.54 OK
r-devel-linux-x86_64-debian-gcc 1.0 21.30 19.37 40.67 OK
r-devel-linux-x86_64-fedora-clang 1.0 96.72 NOTE
r-devel-linux-x86_64-fedora-gcc 1.0 76.32 NOTE
r-devel-windows-x86_64-new-UL 1.0 41.00 84.00 125.00 OK
r-devel-windows-x86_64-new-TK 1.0 OK
r-devel-windows-x86_64-old 1.0 40.00 42.00 82.00 OK
r-patched-linux-x86_64 1.0 25.41 23.59 49.00 OK
r-patched-solaris-x86 1.0 84.90 OK
r-release-linux-x86_64 1.0 26.59 24.39 50.98 OK
r-release-macos-arm64 1.0 OK
r-release-macos-x86_64 1.0 OK
r-release-windows-ix86+x86_64 1.0 74.00 51.00 125.00 OK
r-oldrel-macos-x86_64 1.0 OK
r-oldrel-windows-ix86+x86_64 1.0 54.00 67.00 121.00 OK

Check Details

Version: 1.0
Check: compiled code
Result: NOTE
    File ‘MetaheuristicFPA/libs/MetaheuristicFPA.so’:
     Found no calls to: ‘R_registerRoutines’, ‘R_useDynamicSymbols’
    
    It is good practice to register native routines and to disable symbol
    search.
    
    See ‘Writing portable packages’ in the ‘Writing R Extensions’ manual.
Flavors: r-devel-linux-x86_64-fedora-clang, r-devel-linux-x86_64-fedora-gcc