CRAN Package Check Results for Package MetaboLouise

Last updated on 2020-07-14 09:50:38 CEST.

Flavor Version Tinstall Tcheck Ttotal Status Flags
r-devel-linux-x86_64-debian-clang 1.0.0 2.26 33.92 36.18 OK
r-devel-linux-x86_64-debian-gcc 1.0.0 2.02 26.14 28.16 OK
r-devel-linux-x86_64-fedora-clang 1.0.0 53.89 OK
r-devel-linux-x86_64-fedora-gcc 1.0.0 46.13 OK
r-devel-windows-ix86+x86_64 1.0.0 9.00 78.00 87.00 OK
r-patched-linux-x86_64 1.0.0 2.66 33.43 36.09 OK
r-patched-solaris-x86 1.0.0 69.60 OK
r-release-linux-x86_64 1.0.0 2.58 34.73 37.31 OK
r-release-macos-x86_64 1.0.0 ERROR
r-release-windows-ix86+x86_64 1.0.0 9.00 63.00 72.00 OK
r-oldrel-macos-x86_64 1.0.0 OK
r-oldrel-windows-ix86+x86_64 1.0.0 6.00 61.00 67.00 OK

Check Details

Version: 1.0.0
Check: whether package can be installed
Result: ERROR
    Installation failed.
Flavor: r-release-macos-x86_64