CRAN Package Check Results for Package MetaStan

Last updated on 2021-11-27 07:49:54 CET.

Flavor Version Tinstall Tcheck Ttotal Status Flags
r-devel-linux-x86_64-debian-clang 0.4.0 NOTE
r-devel-linux-x86_64-debian-gcc 0.4.0 723.78 149.52 873.30 NOTE
r-devel-linux-x86_64-fedora-clang 0.4.0 1492.68 NOTE
r-devel-linux-x86_64-fedora-gcc 0.4.0 1575.12 NOTE
r-devel-windows-x86_64-new-UL 0.4.0 956.00 425.00 1381.00 NOTE
r-devel-windows-x86_64-new-TK 0.4.0 NOTE
r-devel-windows-x86_64-old 0.4.0 867.00 339.00 1206.00 NOTE
r-patched-linux-x86_64 0.4.0 799.48 189.92 989.40 NOTE
r-patched-solaris-x86 0.4.0 1362.40 NOTE
r-release-linux-x86_64 0.4.0 NOTE
r-release-macos-arm64 0.4.0 NOTE
r-release-macos-x86_64 0.4.0 NOTE
r-release-windows-ix86+x86_64 0.4.0 1906.00 354.00 2260.00 NOTE
r-oldrel-macos-x86_64 0.4.0 NOTE
r-oldrel-windows-ix86+x86_64 0.4.0 1660.00 343.00 2003.00 NOTE

Check Details

Version: 0.4.0
Check: for GNU extensions in Makefiles
Result: NOTE
    GNU make is a SystemRequirements.
Flavors: r-devel-linux-x86_64-debian-clang, r-devel-linux-x86_64-debian-gcc, r-devel-linux-x86_64-fedora-clang, r-devel-linux-x86_64-fedora-gcc, r-devel-windows-x86_64-new-UL, r-devel-windows-x86_64-new-TK, r-devel-windows-x86_64-old, r-patched-linux-x86_64, r-patched-solaris-x86, r-release-linux-x86_64, r-release-macos-arm64, r-release-macos-x86_64, r-release-windows-ix86+x86_64, r-oldrel-macos-x86_64, r-oldrel-windows-ix86+x86_64

Version: 0.4.0
Check: installed package size
Result: NOTE
     installed size is 101.6Mb
     sub-directories of 1Mb or more:
     libs 101.2Mb
Flavors: r-devel-linux-x86_64-fedora-clang, r-devel-windows-x86_64-new-UL, r-devel-windows-x86_64-old, r-patched-solaris-x86, r-release-macos-arm64, r-release-macos-x86_64, r-release-windows-ix86+x86_64, r-oldrel-macos-x86_64, r-oldrel-windows-ix86+x86_64

Version: 0.4.0
Check: line endings in C/C++/Fortran sources/headers
Result: NOTE
    Found the following sources/headers with CR or CRLF line endings:
     src/stan_files/AB_Emax.hpp
     src/stan_files/BNHM_Higgins.hpp
     src/stan_files/BNHM_Smith.hpp
     src/stan_files/Baseline_Emax.hpp
     src/stan_files/Beta_binomial.hpp
     src/stan_files/CBPlusBaseline_Emax.hpp
     src/stan_files/CB_Emax.hpp
     src/stan_files/Fix_Eff.hpp
    Some Unix compilers require LF line endings.
Flavor: r-devel-windows-x86_64-new-TK