CRAN Package Check Results for Package MetaStan

Last updated on 2021-09-16 08:50:38 CEST.

Flavor Version Tinstall Tcheck Ttotal Status Flags
r-devel-linux-x86_64-debian-clang 0.4.0 881.84 157.81 1039.65 NOTE
r-devel-linux-x86_64-debian-gcc 0.4.0 730.76 151.10 881.86 NOTE
r-devel-linux-x86_64-fedora-clang 0.4.0 1467.00 NOTE
r-devel-linux-x86_64-fedora-gcc 0.4.0 1579.69 NOTE
r-devel-windows-x86_64 0.4.0 717.00 220.00 937.00 NOTE
r-devel-windows-x86_64-gcc10-UCRT 0.4.0 NOTE
r-patched-linux-x86_64 0.4.0 794.82 188.91 983.73 NOTE
r-patched-solaris-x86 0.4.0 1359.70 NOTE
r-release-linux-x86_64 0.4.0 802.42 188.68 991.10 NOTE
r-release-macos-arm64 0.4.0 NOTE
r-release-macos-x86_64 0.4.0 NOTE
r-release-windows-ix86+x86_64 0.4.0 1913.00 341.00 2254.00 NOTE
r-oldrel-macos-x86_64 0.4.0 NOTE
r-oldrel-windows-ix86+x86_64 0.4.0 1655.00 342.00 1997.00 NOTE

Check Details

Version: 0.4.0
Check: for GNU extensions in Makefiles
Result: NOTE
    GNU make is a SystemRequirements.
Flavors: r-devel-linux-x86_64-debian-clang, r-devel-linux-x86_64-debian-gcc, r-devel-linux-x86_64-fedora-clang, r-devel-linux-x86_64-fedora-gcc, r-devel-windows-x86_64, r-devel-windows-x86_64-gcc10-UCRT, r-patched-linux-x86_64, r-patched-solaris-x86, r-release-linux-x86_64, r-release-macos-arm64, r-release-macos-x86_64, r-release-windows-ix86+x86_64, r-oldrel-macos-x86_64, r-oldrel-windows-ix86+x86_64

Version: 0.4.0
Check: installed package size
Result: NOTE
     installed size is 101.6Mb
     sub-directories of 1Mb or more:
     libs 101.2Mb
Flavors: r-devel-linux-x86_64-fedora-clang, r-devel-windows-x86_64, r-patched-solaris-x86, r-release-macos-arm64, r-release-macos-x86_64, r-release-windows-ix86+x86_64, r-oldrel-macos-x86_64, r-oldrel-windows-ix86+x86_64

Version: 0.4.0
Check: line endings in C/C++/Fortran sources/headers
Result: NOTE
    Found the following sources/headers with CR or CRLF line endings:
     src/stan_files/AB_Emax.hpp
     src/stan_files/BNHM_Higgins.hpp
     src/stan_files/BNHM_Smith.hpp
     src/stan_files/Baseline_Emax.hpp
     src/stan_files/Beta_binomial.hpp
     src/stan_files/CBPlusBaseline_Emax.hpp
     src/stan_files/CB_Emax.hpp
     src/stan_files/Fix_Eff.hpp
    Some Unix compilers require LF line endings.
Flavor: r-devel-windows-x86_64-gcc10-UCRT