CRAN Package Check Results for Package MetaIntegrator

Last updated on 2021-12-08 19:51:39 CET.

Flavor Version Tinstall Tcheck Ttotal Status Flags
r-devel-linux-x86_64-debian-clang 2.1.3 14.12 162.01 176.13 OK
r-devel-linux-x86_64-debian-gcc 2.1.3 10.82 117.59 128.41 OK
r-devel-linux-x86_64-fedora-clang 2.1.3 221.76 NOTE
r-devel-linux-x86_64-fedora-gcc 2.1.3 193.91 NOTE
r-devel-windows-x86_64-new-UL 2.1.3 36.00 212.00 248.00 OK
r-devel-windows-x86_64-new-TK 2.1.3 NOTE
r-devel-windows-x86_64-old 2.1.3 26.00 193.00 219.00 OK
r-patched-linux-x86_64 2.1.3 14.34 152.47 166.81 OK
r-release-linux-x86_64 2.1.3 13.81 153.51 167.32 OK
r-release-macos-arm64 2.1.3 NOTE
r-release-macos-x86_64 2.1.3 NOTE
r-release-windows-ix86+x86_64 2.1.3 33.00 151.00 184.00 OK
r-oldrel-macos-x86_64 2.1.3 ERROR
r-oldrel-windows-ix86+x86_64 2.1.3 31.00 199.00 230.00 OK

Check Details

Version: 2.1.3
Check: package dependencies
Result: NOTE
    Imports includes 35 non-default packages.
    Importing from so many packages makes the package vulnerable to any of
    them becoming unavailable. Move as many as possible to Suggests and
    use conditionally.
Flavor: r-devel-linux-x86_64-fedora-clang

Version: 2.1.3
Check: dependencies in R code
Result: NOTE
    Namespaces in Imports field not imported from:
     ‘BiocManager’ ‘DT’ ‘GEOmetadb’ ‘RMySQL’ ‘RSQLite’ ‘gplots’ ‘pheatmap’
     ‘readr’
     All declared Imports should be used.
Flavors: r-devel-linux-x86_64-fedora-clang, r-devel-linux-x86_64-fedora-gcc, r-devel-windows-x86_64-new-TK, r-release-macos-arm64, r-release-macos-x86_64

Version: 2.1.3
Check: package dependencies
Result: ERROR
    Package required but not available: ‘GEOmetadb’
    
    See section ‘The DESCRIPTION file’ in the ‘Writing R Extensions’
    manual.
Flavor: r-oldrel-macos-x86_64