CRAN Package Check Results for Package MetaCycle

Last updated on 2022-07-04 21:49:46 CEST.

Flavor Version Tinstall Tcheck Ttotal Status Flags
r-devel-linux-x86_64-debian-clang 1.2.0 9.46 98.99 108.45 NOTE
r-devel-linux-x86_64-debian-gcc 1.2.0 8.71 72.50 81.21 NOTE
r-devel-linux-x86_64-fedora-clang 1.2.0 138.18 NOTE
r-devel-linux-x86_64-fedora-gcc 1.2.0 139.75 NOTE
r-devel-windows-x86_64 1.2.0 32.00 114.00 146.00 OK
r-patched-linux-x86_64 1.2.0 11.38 94.59 105.97 NOTE
r-release-linux-x86_64 1.2.0 9.77 92.97 102.74 NOTE
r-release-macos-arm64 1.2.0 38.00 OK
r-release-macos-x86_64 1.2.0 55.00 OK
r-release-windows-x86_64 1.2.0 37.00 105.00 142.00 OK
r-oldrel-macos-arm64 1.2.0 41.00 OK
r-oldrel-macos-x86_64 1.2.0 76.00 OK
r-oldrel-windows-ix86+x86_64 1.2.0 22.00 117.00 139.00 OK

Check Details

Version: 1.2.0
Check: for non-standard things in the check directory
Result: NOTE
    Found the following files/directories:
     'cycHumanBloodData.csv' 'cycHumanBloodDesign.csv'
     'cycMouseLiverProtein.txt' 'cycMouseLiverRNA.csv' 'cycSimu4h2d.csv'
     'cycYeastCycle.csv' 'example'
Flavors: r-devel-linux-x86_64-debian-clang, r-devel-linux-x86_64-debian-gcc, r-devel-linux-x86_64-fedora-clang, r-devel-linux-x86_64-fedora-gcc, r-patched-linux-x86_64, r-release-linux-x86_64