CRAN Package Check Results for Package MendelianRandomization

Last updated on 2024-02-29 07:52:40 CET.

Flavor Version Tinstall Tcheck Ttotal Status Flags
r-devel-linux-x86_64-debian-clang 0.9.0 73.65 253.40 327.05 OK
r-devel-linux-x86_64-debian-gcc 0.9.0 63.32 181.37 244.69 OK
r-devel-linux-x86_64-fedora-clang 0.9.0 423.44 NOTE
r-devel-linux-x86_64-fedora-gcc 0.9.0 416.67 OK
r-devel-windows-x86_64 0.9.0 61.00 233.00 294.00 NOTE
r-patched-linux-x86_64 0.9.0 78.29 237.35 315.64 OK
r-release-linux-x86_64 0.9.0 54.74 239.10 293.84 OK
r-release-macos-arm64 0.9.0 106.00 NOTE
r-release-macos-x86_64 0.9.0 232.00 NOTE
r-release-windows-x86_64 0.9.0 82.00 273.00 355.00 NOTE
r-oldrel-macos-arm64 0.9.0 94.00 NOTE
r-oldrel-windows-x86_64 0.9.0 78.00 252.00 330.00 NOTE

Check Details

Version: 0.9.0
Check: installed package size
Result: NOTE installed size is 5.3Mb sub-directories of 1Mb or more: extdata 3.4Mb Flavors: r-devel-linux-x86_64-fedora-clang, r-devel-windows-x86_64, r-release-macos-arm64, r-release-macos-x86_64, r-release-windows-x86_64, r-oldrel-macos-arm64, r-oldrel-windows-x86_64