CRAN Package Check Results for Package MaxentVariableSelection

Last updated on 2024-02-29 19:12:26 CET.

Flavor Version Tinstall Tcheck Ttotal Status Flags
r-devel-linux-x86_64-debian-clang 1.0-3 3.20 40.67 43.87 NOTE
r-devel-linux-x86_64-debian-gcc 1.0-3 2.25 30.45 32.70 NOTE
r-devel-linux-x86_64-fedora-clang 1.0-3 54.83 NOTE
r-devel-linux-x86_64-fedora-gcc 1.0-3 65.54 NOTE
r-devel-windows-x86_64 1.0-3 4.00 51.00 55.00 NOTE
r-patched-linux-x86_64 1.0-3 3.01 38.78 41.79 NOTE
r-release-linux-x86_64 1.0-3 2.32 38.47 40.79 NOTE
r-release-macos-arm64 1.0-3 29.00 NOTE
r-release-macos-x86_64 1.0-3 40.00 NOTE
r-release-windows-x86_64 1.0-3 5.00 56.00 61.00 NOTE
r-oldrel-macos-arm64 1.0-3 23.00 NOTE
r-oldrel-windows-x86_64 1.0-3 5.00 59.00 64.00 NOTE

Additional issues

donttest

Check Details

Version: 1.0-3
Check: Rd files
Result: NOTE checkRd: (-1) MaxentVariableSelection-package.Rd:46: Lost braces; missing escapes or markup? 46 | \tab Tyberghein L, Verbruggen H, Pauly K, Troupin C, Mineur F and {De Clerck}, O (2012)\cr | ^ Flavors: r-devel-linux-x86_64-debian-clang, r-devel-linux-x86_64-debian-gcc, r-devel-linux-x86_64-fedora-clang, r-devel-linux-x86_64-fedora-gcc

Version: 1.0-3
Check: LazyData
Result: NOTE 'LazyData' is specified without a 'data' directory Flavors: r-devel-linux-x86_64-debian-clang, r-devel-linux-x86_64-debian-gcc, r-devel-linux-x86_64-fedora-clang, r-devel-linux-x86_64-fedora-gcc, r-devel-windows-x86_64, r-patched-linux-x86_64, r-release-linux-x86_64, r-release-macos-arm64, r-release-macos-x86_64, r-release-windows-x86_64, r-oldrel-macos-arm64, r-oldrel-windows-x86_64