CRAN Package Check Results for Package MaxPro

Last updated on 2020-07-14 09:50:37 CEST.

Flavor Version Tinstall Tcheck Ttotal Status Flags
r-devel-linux-x86_64-debian-clang 4.1-2 3.92 21.58 25.50 OK
r-devel-linux-x86_64-debian-gcc 4.1-2 3.09 17.36 20.45 OK
r-devel-linux-x86_64-fedora-clang 4.1-2 42.31 OK
r-devel-linux-x86_64-fedora-gcc 4.1-2 33.73 OK
r-devel-windows-ix86+x86_64 4.1-2 15.00 63.00 78.00 OK
r-patched-linux-x86_64 4.1-2 3.55 22.03 25.58 OK
r-patched-solaris-x86 4.1-2 49.80 OK
r-release-linux-x86_64 4.1-2 3.72 22.11 25.83 OK
r-release-macos-x86_64 4.1-2 ERROR
r-release-windows-ix86+x86_64 4.1-2 18.00 45.00 63.00 OK
r-oldrel-macos-x86_64 4.1-2 OK
r-oldrel-windows-ix86+x86_64 4.1-2 39.00 63.00 102.00 OK

Check Details

Version: 4.1-2
Check: whether package can be installed
Result: ERROR
    Installation failed.
Flavor: r-release-macos-x86_64