CRAN Package Check Results for Package MarginalMediation

Last updated on 2020-10-27 10:31:57 CET.

Flavor Version Tinstall Tcheck Ttotal Status Flags
r-devel-linux-x86_64-debian-clang 0.7.0 4.54 97.41 101.95 OK
r-devel-linux-x86_64-debian-gcc 0.7.0 3.87 70.40 74.27 OK
r-devel-linux-x86_64-fedora-clang 0.7.0 126.29 NOTE
r-devel-linux-x86_64-fedora-gcc 0.7.0 123.85 NOTE
r-devel-windows-ix86+x86_64 0.7.0 12.00 119.00 131.00 OK
r-patched-linux-x86_64 0.7.0 OK
r-patched-solaris-x86 0.7.0 162.10 NOTE
r-release-linux-x86_64 0.7.0 4.75 90.73 95.48 OK
r-release-macos-x86_64 0.7.0 NOTE
r-release-windows-ix86+x86_64 0.7.0 9.00 94.00 103.00 OK
r-oldrel-macos-x86_64 0.7.0 NOTE
r-oldrel-windows-ix86+x86_64 0.7.0 10.00 111.00 121.00 OK

Check Details

Version: 0.7.0
Check: dependencies in R code
Result: NOTE
    Namespace in Imports field not imported from: ‘betareg’
     All declared Imports should be used.
Flavors: r-devel-linux-x86_64-fedora-clang, r-devel-linux-x86_64-fedora-gcc, r-patched-solaris-x86, r-release-macos-x86_64, r-oldrel-macos-x86_64