CRAN Package Check Results for Package MarginalMediation

Last updated on 2020-01-25 08:49:59 CET.

Flavor Version Tinstall Tcheck Ttotal Status Flags
r-devel-linux-x86_64-debian-clang 0.7.0 4.91 94.28 99.19 OK
r-devel-linux-x86_64-debian-gcc 0.7.0 4.08 70.26 74.34 OK
r-devel-linux-x86_64-fedora-clang 0.7.0 114.33 NOTE
r-devel-linux-x86_64-fedora-gcc 0.7.0 112.47 NOTE
r-devel-windows-ix86+x86_64 0.7.0 25.00 138.00 163.00 OK
r-devel-windows-ix86+x86_64-gcc8 0.7.0 20.00 133.00 153.00 OK
r-patched-linux-x86_64 0.7.0 4.33 83.13 87.46 OK
r-patched-solaris-x86 0.7.0 156.90 NOTE
r-release-linux-x86_64 0.7.0 4.94 81.49 86.43 OK
r-release-windows-ix86+x86_64 0.7.0 9.00 93.00 102.00 OK
r-release-osx-x86_64 0.7.0 NOTE
r-oldrel-windows-ix86+x86_64 0.7.0 7.00 90.00 97.00 OK
r-oldrel-osx-x86_64 0.7.0 NOTE

Check Details

Version: 0.7.0
Check: dependencies in R code
Result: NOTE
    Namespace in Imports field not imported from: ‘betareg’
     All declared Imports should be used.
Flavors: r-devel-linux-x86_64-fedora-clang, r-devel-linux-x86_64-fedora-gcc, r-patched-solaris-x86, r-release-osx-x86_64, r-oldrel-osx-x86_64