CRAN Package Check Results for Package MainExistingDatasets

Last updated on 2022-12-09 21:53:49 CET.

Flavor Version Tinstall Tcheck Ttotal Status Flags
r-devel-linux-x86_64-debian-clang 1.0.1 39.22 365.79 405.01 OK
r-devel-linux-x86_64-debian-gcc 1.0.1 34.73 265.89 300.62 OK
r-devel-linux-x86_64-fedora-clang 1.0.1 518.99 NOTE
r-devel-linux-x86_64-fedora-gcc 1.0.1 502.57 NOTE
r-devel-windows-x86_64 1.0.1 71.00 342.00 413.00 OK
r-patched-linux-x86_64 1.0.1 30.44 351.49 381.93 OK
r-release-linux-x86_64 1.0.1 35.06 353.87 388.93 OK
r-release-macos-arm64 1.0.1 135.00 NOTE
r-release-macos-x86_64 1.0.1 166.00 NOTE
r-release-windows-x86_64 1.0.1 87.00 359.00 446.00 OK
r-oldrel-macos-arm64 1.0.1 119.00 NOTE
r-oldrel-macos-x86_64 1.0.1 157.00 NOTE
r-oldrel-windows-ix86+x86_64 1.0.1 93.00 367.00 460.00 OK

Check Details

Version: 1.0.1
Check: data for non-ASCII characters
Result: NOTE
     Note: found 41 marked UTF-8 strings
Flavors: r-devel-linux-x86_64-fedora-clang, r-devel-linux-x86_64-fedora-gcc, r-release-macos-arm64, r-release-macos-x86_64, r-oldrel-macos-arm64, r-oldrel-macos-x86_64