Last updated on 2023-03-21 19:57:16 CET.
Flavor | Version | Tinstall | Tcheck | Ttotal | Status | Flags |
---|---|---|---|---|---|---|
r-devel-linux-x86_64-debian-clang | 0.6.2 | 11.22 | 96.58 | 107.80 | NOTE | |
r-devel-linux-x86_64-debian-gcc | 0.6.2 | 9.11 | 74.40 | 83.51 | NOTE | |
r-devel-linux-x86_64-fedora-clang | 0.6.2 | 133.06 | NOTE | |||
r-devel-linux-x86_64-fedora-gcc | 0.6.2 | 138.31 | NOTE | |||
r-devel-windows-x86_64 | 0.6.2 | 27.00 | 130.00 | 157.00 | NOTE | |
r-patched-linux-x86_64 | 0.6.2 | 11.41 | 88.19 | 99.60 | NOTE | |
r-release-linux-x86_64 | 0.6.2 | 9.84 | 87.83 | 97.67 | NOTE | |
r-release-macos-arm64 | 0.6.2 | 36.00 | NOTE | |||
r-release-macos-x86_64 | 0.6.2 | 50.00 | NOTE | |||
r-release-windows-x86_64 | 0.6.2 | 35.00 | 126.00 | 161.00 | NOTE | |
r-oldrel-macos-arm64 | 0.6.2 | 42.00 | NOTE | |||
r-oldrel-macos-x86_64 | 0.6.2 | 67.00 | NOTE | |||
r-oldrel-windows-ix86+x86_64 | 0.6.2 | 26.00 | 117.00 | 143.00 | NOTE |
Version: 0.6.2
Check: LazyData
Result: NOTE
'LazyData' is specified without a 'data' directory
Flavors: r-devel-linux-x86_64-debian-clang, r-devel-linux-x86_64-debian-gcc, r-devel-linux-x86_64-fedora-clang, r-devel-linux-x86_64-fedora-gcc, r-devel-windows-x86_64, r-patched-linux-x86_64, r-release-linux-x86_64, r-release-macos-arm64, r-release-macos-x86_64, r-release-windows-x86_64, r-oldrel-macos-arm64, r-oldrel-macos-x86_64, r-oldrel-windows-ix86+x86_64