CRAN Package Check Results for Package MWright

Last updated on 2022-12-08 19:49:41 CET.

Flavor Version Tinstall Tcheck Ttotal Status Flags
r-devel-linux-x86_64-debian-clang 0.3.2 3.98 32.37 36.35 NOTE
r-devel-linux-x86_64-debian-gcc 0.3.2 2.63 25.13 27.76 NOTE
r-devel-linux-x86_64-fedora-clang 0.3.2 53.50 NOTE
r-devel-linux-x86_64-fedora-gcc 0.3.2 51.65 NOTE
r-devel-windows-x86_64 0.3.2 15.00 61.00 76.00 NOTE
r-patched-linux-x86_64 0.3.2 2.99 29.59 32.58 NOTE
r-release-linux-x86_64 0.3.2 2.82 30.85 33.67 NOTE
r-release-macos-arm64 0.3.2 15.00 NOTE
r-release-macos-x86_64 0.3.2 25.00 NOTE
r-release-windows-x86_64 0.3.2 13.00 63.00 76.00 NOTE
r-oldrel-macos-arm64 0.3.2 18.00 NOTE
r-oldrel-macos-x86_64 0.3.2 34.00 NOTE
r-oldrel-windows-ix86+x86_64 0.3.2 7.00 59.00 66.00 NOTE

Check Details

Version: 0.3.2
Check: LazyData
Result: NOTE
     'LazyData' is specified without a 'data' directory
Flavors: r-devel-linux-x86_64-debian-clang, r-devel-linux-x86_64-debian-gcc, r-devel-linux-x86_64-fedora-clang, r-devel-linux-x86_64-fedora-gcc, r-devel-windows-x86_64, r-patched-linux-x86_64, r-release-linux-x86_64, r-release-macos-arm64, r-release-macos-x86_64, r-release-windows-x86_64, r-oldrel-macos-arm64, r-oldrel-macos-x86_64, r-oldrel-windows-ix86+x86_64