CRAN Package Check Results for Package MWright

Last updated on 2022-05-18 09:54:07 CEST.

Flavor Version Tinstall Tcheck Ttotal Status Flags
r-devel-linux-x86_64-debian-clang 0.3.2 3.69 39.20 42.89 NOTE
r-devel-linux-x86_64-debian-gcc 0.3.2 2.58 30.66 33.24 NOTE
r-devel-linux-x86_64-fedora-clang 0.3.2 50.66 NOTE
r-devel-linux-x86_64-fedora-gcc 0.3.2 49.94 NOTE
r-devel-windows-x86_64 0.3.2 16.00 57.00 73.00 NOTE
r-patched-linux-x86_64 0.3.2 2.63 37.94 40.57 NOTE
r-release-linux-x86_64 0.3.2 3.18 38.12 41.30 NOTE
r-release-macos-arm64 0.3.2 15.00 NOTE
r-release-macos-x86_64 0.3.2 25.00 NOTE
r-release-windows-x86_64 0.3.2 14.00 56.00 70.00 NOTE
r-oldrel-macos-arm64 0.3.2 18.00 NOTE
r-oldrel-macos-x86_64 0.3.2 34.00 NOTE
r-oldrel-windows-ix86+x86_64 0.3.2 8.00 51.00 59.00 NOTE

Check Details

Version: 0.3.2
Check: LazyData
Result: NOTE
     'LazyData' is specified without a 'data' directory
Flavors: r-devel-linux-x86_64-debian-clang, r-devel-linux-x86_64-debian-gcc, r-devel-linux-x86_64-fedora-clang, r-devel-linux-x86_64-fedora-gcc, r-devel-windows-x86_64, r-patched-linux-x86_64, r-release-linux-x86_64, r-release-macos-arm64, r-release-macos-x86_64, r-release-windows-x86_64, r-oldrel-macos-arm64, r-oldrel-macos-x86_64, r-oldrel-windows-ix86+x86_64